Last updated on 2025-02-01 12:48:32 CET.
Flavor | Version | Tinstall | Tcheck | Ttotal | Status | Flags |
---|---|---|---|---|---|---|
r-devel-linux-x86_64-debian-clang | 0.1.3 | 4.78 | 40.55 | 45.33 | NOTE | |
r-devel-linux-x86_64-debian-gcc | 0.1.3 | 3.43 | 30.62 | 34.05 | NOTE | |
r-devel-linux-x86_64-fedora-clang | 0.1.3 | 75.50 | NOTE | |||
r-devel-linux-x86_64-fedora-gcc | 0.1.3 | 76.78 | NOTE | |||
r-devel-windows-x86_64 | 0.1.3 | 7.00 | 60.00 | 67.00 | NOTE | |
r-patched-linux-x86_64 | 0.1.3 | 5.25 | 37.57 | 42.82 | OK | |
r-release-linux-x86_64 | 0.1.3 | 5.03 | 37.85 | 42.88 | OK | |
r-release-macos-arm64 | 0.1.3 | 28.00 | OK | |||
r-release-macos-x86_64 | 0.1.3 | 56.00 | OK | |||
r-release-windows-x86_64 | 0.1.3 | 8.00 | 61.00 | 69.00 | OK | |
r-oldrel-macos-arm64 | 0.1.3 | 33.00 | OK | |||
r-oldrel-macos-x86_64 | 0.1.3 | 58.00 | OK | |||
r-oldrel-windows-x86_64 | 0.1.3 | 7.00 | 69.00 | 76.00 | OK |
Version: 0.1.3
Check: DESCRIPTION meta-information
Result: NOTE
Missing dependency on R >= 4.2.0 because package code uses the pipe
placeholder syntax added in R 4.2.0.
File(s) using such syntax:
‘read_mgi_biotype_conflict_rpt.R’
Flavors: r-devel-linux-x86_64-debian-clang, r-devel-linux-x86_64-debian-gcc, r-devel-linux-x86_64-fedora-clang, r-devel-linux-x86_64-fedora-gcc, r-devel-windows-x86_64