Last updated on 2024-03-28 09:51:48 CET.
Flavor | Version | Tinstall | Tcheck | Ttotal | Status | Flags |
---|---|---|---|---|---|---|
r-devel-linux-x86_64-debian-clang | 2.0.2 | 27.56 | 527.37 | 554.93 | NOTE | |
r-devel-linux-x86_64-debian-gcc | 2.0.2 | 25.40 | 368.08 | 393.48 | NOTE | |
r-devel-linux-x86_64-fedora-clang | 2.0.2 | 636.55 | NOTE | |||
r-devel-linux-x86_64-fedora-gcc | 2.0.2 | 640.64 | NOTE | |||
r-devel-windows-x86_64 | 2.0.2 | 28.00 | 348.00 | 376.00 | NOTE | |
r-patched-linux-x86_64 | 2.0.2 | 28.69 | 497.05 | 525.74 | NOTE | |
r-release-linux-x86_64 | 2.0.2 | 30.24 | 500.28 | 530.52 | NOTE | |
r-release-macos-arm64 | 2.0.2 | 176.00 | NOTE | |||
r-release-macos-x86_64 | 2.0.2 | 291.00 | NOTE | |||
r-release-windows-x86_64 | 2.0.2 | 37.00 | 459.00 | 496.00 | NOTE | |
r-oldrel-macos-arm64 | 2.0.2 | 118.00 | NOTE | |||
r-oldrel-windows-x86_64 | 2.0.2 | 37.00 | 439.00 | 476.00 | NOTE |
Version: 2.0.2
Check: LazyData
Result: NOTE
'LazyData' is specified without a 'data' directory
Flavors: r-devel-linux-x86_64-debian-clang, r-devel-linux-x86_64-debian-gcc, r-devel-linux-x86_64-fedora-clang, r-devel-linux-x86_64-fedora-gcc, r-devel-windows-x86_64, r-patched-linux-x86_64, r-release-linux-x86_64, r-release-macos-arm64, r-release-macos-x86_64, r-release-windows-x86_64, r-oldrel-macos-arm64, r-oldrel-windows-x86_64
Version: 2.0.2
Check: dependencies in R code
Result: NOTE
Namespaces in Imports field not imported from:
‘boot’ ‘energy’
All declared Imports should be used.
Flavors: r-devel-linux-x86_64-fedora-clang, r-devel-linux-x86_64-fedora-gcc, r-oldrel-macos-arm64