Last updated on 2025-01-24 12:48:49 CET.
Flavor | Version | Tinstall | Tcheck | Ttotal | Status | Flags |
---|---|---|---|---|---|---|
r-devel-linux-x86_64-debian-clang | 1.5.4.1 | 7.38 | 65.47 | 72.85 | NOTE | |
r-devel-linux-x86_64-debian-gcc | 1.5.4.1 | 5.48 | 51.63 | 57.11 | NOTE | |
r-devel-linux-x86_64-fedora-clang | 1.5.4.1 | 117.77 | OK | |||
r-devel-linux-x86_64-fedora-gcc | 1.5.4.1 | 123.06 | OK | |||
r-devel-windows-x86_64 | 1.5.4.1 | 8.00 | 76.00 | 84.00 | NOTE | |
r-patched-linux-x86_64 | 1.5.4.1 | 7.58 | 61.92 | 69.50 | OK | |
r-release-linux-x86_64 | 1.5.4.1 | 7.17 | 62.20 | 69.37 | OK | |
r-release-macos-arm64 | 1.5.4.1 | 43.00 | OK | |||
r-release-macos-x86_64 | 1.5.4.1 | 60.00 | OK | |||
r-release-windows-x86_64 | 1.5.4.1 | 8.00 | 74.00 | 82.00 | OK | |
r-oldrel-macos-arm64 | 1.5.4.1 | 43.00 | OK | |||
r-oldrel-macos-x86_64 | 1.5.4.1 | 122.00 | OK | |||
r-oldrel-windows-x86_64 | 1.5.4.1 | 9.00 | 88.00 | 97.00 | OK |
Version: 1.5.4.1
Check: DESCRIPTION meta-information
Result: NOTE
Missing dependency on R >= 4.1.0 because package code uses the pipe
|> or function shorthand \(...) syntax added in R 4.1.0.
File(s) using such syntax:
‘predict.mfp.R’
Flavors: r-devel-linux-x86_64-debian-clang, r-devel-linux-x86_64-debian-gcc
Version: 1.5.4.1
Check: Rd cross-references
Result: NOTE
Found the following Rd file(s) with Rd \link{} targets missing package
anchors:
predict.mfp.Rd: predict.coxph
Please provide package anchors for all Rd \link{} targets not in the
package itself and the base packages.
Flavors: r-devel-linux-x86_64-debian-clang, r-devel-linux-x86_64-debian-gcc, r-devel-windows-x86_64