CRAN Package Check Results for Package mfp

Last updated on 2024-03-03 11:54:38 CET.

Flavor Version Tinstall Tcheck Ttotal Status Flags
r-devel-linux-x86_64-debian-clang 1.5.4 8.82 81.89 90.71 NOTE
r-devel-linux-x86_64-debian-gcc 1.5.4 6.33 61.88 68.21 NOTE
r-devel-linux-x86_64-fedora-clang 1.5.4 109.29 NOTE
r-devel-linux-x86_64-fedora-gcc 1.5.4 120.14 NOTE
r-devel-windows-x86_64 1.5.4 8.00 76.00 84.00 NOTE
r-patched-linux-x86_64 1.5.4 10.34 78.97 89.31 OK
r-release-linux-x86_64 1.5.4 8.00 80.47 88.47 OK
r-release-macos-arm64 1.5.4 40.00 OK
r-release-macos-x86_64 1.5.4 75.00 OK
r-release-windows-x86_64 1.5.4 10.00 89.00 99.00 OK
r-oldrel-macos-arm64 1.5.4 34.00 OK
r-oldrel-windows-x86_64 1.5.4 10.00 91.00 101.00 OK

Check Details

Version: 1.5.4
Check: Rd contents
Result: NOTE Argument items with no description in Rd file 'predict.mfp.Rd': ‘safe’ Flavors: r-devel-linux-x86_64-debian-clang, r-devel-linux-x86_64-debian-gcc, r-devel-linux-x86_64-fedora-clang, r-devel-linux-x86_64-fedora-gcc, r-devel-windows-x86_64