Last updated on 2024-08-16 12:49:13 CEST.
Flavor | Version | Tinstall | Tcheck | Ttotal | Status | Flags |
---|---|---|---|---|---|---|
r-devel-linux-x86_64-debian-clang | 1.17 | 103.43 | 164.59 | 268.02 | OK | |
r-devel-linux-x86_64-debian-gcc | 1.17 | 69.49 | 102.08 | 171.57 | OK | |
r-devel-linux-x86_64-fedora-clang | 1.17 | 453.85 | OK | |||
r-devel-linux-x86_64-fedora-gcc | 1.17 | 460.67 | OK | |||
r-devel-windows-x86_64 | 1.17 | 103.00 | 190.00 | 293.00 | OK | |
r-patched-linux-x86_64 | 1.17 | 107.95 | 154.25 | 262.20 | OK | |
r-release-linux-x86_64 | 1.17 | 107.11 | 159.66 | 266.77 | OK | |
r-release-macos-arm64 | 1.17 | 129.00 | NOTE | |||
r-release-macos-x86_64 | 1.17 | 319.00 | NOTE | |||
r-release-windows-x86_64 | 1.17 | 100.00 | 188.00 | 288.00 | OK | |
r-oldrel-macos-arm64 | 1.17 | 113.00 | NOTE | |||
r-oldrel-macos-x86_64 | 1.17 | 281.00 | NOTE | |||
r-oldrel-windows-x86_64 | 1.17 | 127.00 | 236.00 | 363.00 | OK |
Version: 1.17
Check: installed package size
Result: NOTE
installed size is 9.5Mb
sub-directories of 1Mb or more:
data 1.1Mb
libs 6.5Mb
Flavors: r-release-macos-arm64, r-release-macos-x86_64, r-oldrel-macos-arm64, r-oldrel-macos-x86_64