Last updated on 2025-01-23 13:52:26 CET.
Flavor | Version | Tinstall | Tcheck | Ttotal | Status | Flags |
---|---|---|---|---|---|---|
r-devel-linux-x86_64-debian-clang | 1.17 | 106.04 | 163.98 | 270.02 | OK | |
r-devel-linux-x86_64-debian-gcc | 1.17 | 68.29 | 107.76 | 176.05 | OK | |
r-devel-linux-x86_64-fedora-clang | 1.17 | 462.09 | OK | |||
r-devel-linux-x86_64-fedora-gcc | 1.17 | 476.58 | OK | |||
r-devel-windows-x86_64 | 1.17 | 102.00 | 192.00 | 294.00 | OK | |
r-patched-linux-x86_64 | 1.17 | 105.31 | 155.23 | 260.54 | NOTE | |
r-release-linux-x86_64 | 1.17 | 103.85 | 150.99 | 254.84 | NOTE | |
r-release-macos-arm64 | 1.17 | 129.00 | NOTE | |||
r-release-macos-x86_64 | 1.17 | 319.00 | NOTE | |||
r-release-windows-x86_64 | 1.17 | 98.00 | 196.00 | 294.00 | OK | |
r-oldrel-macos-arm64 | 1.17 | 113.00 | NOTE | |||
r-oldrel-macos-x86_64 | 1.17 | 281.00 | NOTE | |||
r-oldrel-windows-x86_64 | 1.17 | 122.00 | 234.00 | 356.00 | OK |
Version: 1.17
Check: package dependencies
Result: NOTE
Package suggested but not available for checking: ‘mvPot’
Flavors: r-patched-linux-x86_64, r-release-linux-x86_64
Version: 1.17
Check: installed package size
Result: NOTE
installed size is 9.5Mb
sub-directories of 1Mb or more:
data 1.1Mb
libs 6.5Mb
Flavors: r-release-macos-arm64, r-release-macos-x86_64, r-oldrel-macos-arm64, r-oldrel-macos-x86_64