Last updated on 2022-07-03 11:53:42 CEST.
Flavor | Version | Tinstall | Tcheck | Ttotal | Status | Flags |
---|---|---|---|---|---|---|
r-devel-linux-x86_64-debian-clang | 1.2.9 | 381.09 | 537.90 | 918.99 | WARN | |
r-devel-linux-x86_64-debian-gcc | 1.2.9 | 297.36 | 393.72 | 691.08 | OK | |
r-devel-linux-x86_64-fedora-clang | 1.2.9 | 1214.22 | WARN | |||
r-devel-linux-x86_64-fedora-gcc | 1.2.9 | 1122.76 | OK | |||
r-devel-windows-x86_64 | 1.2.9 | 325.00 | 674.00 | 999.00 | NOTE | |
r-patched-linux-x86_64 | 1.2.9 | 325.35 | 519.00 | 844.35 | OK | |
r-release-linux-x86_64 | 1.2.9 | 313.44 | 514.09 | 827.53 | OK | |
r-release-macos-arm64 | 1.2.9 | 285.00 | NOTE | |||
r-release-macos-x86_64 | 1.2.9 | 390.00 | NOTE | |||
r-release-windows-x86_64 | 1.2.9 | 338.00 | 685.00 | 1023.00 | NOTE | |
r-oldrel-macos-arm64 | 1.2.9 | 400.00 | NOTE | |||
r-oldrel-macos-x86_64 | 1.2.9 | 365.00 | NOTE | |||
r-oldrel-windows-ix86+x86_64 | 1.2.9 | 797.00 | 831.00 | 1628.00 | NOTE |
Version: 1.2.9
Check: whether package can be installed
Result: WARN
Found the following significant warnings:
fastcox.cpp:778:7: warning: use of bitwise '|' with boolean operands [-Wbitwise-instead-of-logical]
fastcox.cpp:779:7: warning: use of bitwise '|' with boolean operands [-Wbitwise-instead-of-logical]
fastcox.cpp:803:7: warning: use of bitwise '|' with boolean operands [-Wbitwise-instead-of-logical]
fastcox.cpp:804:7: warning: use of bitwise '|' with boolean operands [-Wbitwise-instead-of-logical]
fastcox.cpp:1735:77: warning: use of bitwise '&' with boolean operands [-Wbitwise-instead-of-logical]
fastcox.cpp:1735:42: warning: use of bitwise '&' with boolean operands [-Wbitwise-instead-of-logical]
Flavors: r-devel-linux-x86_64-debian-clang, r-devel-linux-x86_64-fedora-clang
Version: 1.2.9
Check: installed package size
Result: NOTE
installed size is 25.2Mb
sub-directories of 1Mb or more:
R 1.5Mb
data 2.8Mb
doc 4.1Mb
libs 15.9Mb
Flavors: r-devel-linux-x86_64-fedora-clang, r-devel-windows-x86_64, r-release-macos-arm64, r-release-macos-x86_64, r-release-windows-x86_64, r-oldrel-macos-arm64, r-oldrel-macos-x86_64, r-oldrel-windows-ix86+x86_64