CRAN Package Check Results for Package metro

Last updated on 2022-06-27 11:50:48 CEST.

Flavor Version Tinstall Tcheck Ttotal Status Flags
r-devel-linux-x86_64-debian-clang 0.9.1 4.88 48.41 53.29 OK
r-devel-linux-x86_64-debian-gcc 0.9.1 4.67 37.45 42.12 OK
r-devel-linux-x86_64-fedora-clang 0.9.1 74.95 NOTE
r-devel-linux-x86_64-fedora-gcc 0.9.1 73.38 NOTE
r-devel-windows-x86_64 0.9.1 32.00 83.00 115.00 OK
r-patched-linux-x86_64 0.9.1 5.48 46.37 51.85 OK
r-release-linux-x86_64 0.9.1 3.97 46.51 50.48 OK
r-release-macos-arm64 0.9.1 22.00 NOTE
r-release-macos-x86_64 0.9.1 34.00 NOTE
r-release-windows-x86_64 0.9.1 27.00 76.00 103.00 OK
r-oldrel-macos-arm64 0.9.1 27.00 NOTE
r-oldrel-macos-x86_64 0.9.1 1803.00 NOTE
r-oldrel-windows-ix86+x86_64 0.9.1 13.00 71.00 84.00 OK

Check Details

Version: 0.9.1
Check: data for non-ASCII characters
Result: NOTE
     Note: found 1 marked UTF-8 string
Flavors: r-devel-linux-x86_64-fedora-clang, r-devel-linux-x86_64-fedora-gcc, r-release-macos-arm64, r-release-macos-x86_64, r-oldrel-macos-arm64, r-oldrel-macos-x86_64