CRAN Package Check Results for Package metools

Last updated on 2023-09-28 11:55:37 CEST.

Flavor Version Tinstall Tcheck Ttotal Status Flags
r-devel-linux-x86_64-debian-clang 1.0.0 3.50 53.33 56.83 NOTE
r-devel-linux-x86_64-debian-gcc 1.0.0 3.58 40.17 43.75 NOTE
r-devel-linux-x86_64-fedora-clang 1.0.0 70.61 NOTE
r-devel-linux-x86_64-fedora-gcc 1.0.0 67.99 NOTE
r-devel-windows-x86_64 1.0.0 5.00 65.00 70.00 NOTE
r-patched-linux-x86_64 1.0.0 3.59 51.85 55.44 NOTE
r-release-linux-x86_64 1.0.0 3.05 51.36 54.41 NOTE
r-release-macos-arm64 1.0.0 25.00 NOTE
r-release-macos-x86_64 1.0.0 37.00 NOTE
r-release-windows-x86_64 1.0.0 7.00 73.00 80.00 NOTE
r-oldrel-macos-arm64 1.0.0 23.00 NOTE
r-oldrel-macos-x86_64 1.0.0 37.00 NOTE
r-oldrel-windows-x86_64 1.0.0 6.00 68.00 74.00 NOTE

Check Details

Version: 1.0.0
Check: LazyData
Result: NOTE
     'LazyData' is specified without a 'data' directory
Flavors: r-devel-linux-x86_64-debian-clang, r-devel-linux-x86_64-debian-gcc, r-devel-linux-x86_64-fedora-clang, r-devel-linux-x86_64-fedora-gcc, r-devel-windows-x86_64, r-patched-linux-x86_64, r-release-linux-x86_64, r-release-macos-arm64, r-release-macos-x86_64, r-release-windows-x86_64, r-oldrel-macos-arm64, r-oldrel-macos-x86_64, r-oldrel-windows-x86_64