Last updated on 2024-04-24 11:20:56 CEST.
Flavor | Version | Tinstall | Tcheck | Ttotal | Status | Flags |
---|---|---|---|---|---|---|
r-devel-linux-x86_64-debian-clang | 0.1.1 | 57.41 | 367.01 | 424.42 | NOTE | |
r-devel-linux-x86_64-debian-gcc | 0.1.1 | 41.89 | 214.36 | 256.25 | NOTE | |
r-devel-linux-x86_64-fedora-clang | 0.1.1 | 445.01 | NOTE | |||
r-devel-linux-x86_64-fedora-gcc | 0.1.1 | 521.69 | NOTE | |||
r-devel-windows-x86_64 | 0.1.1 | 44.00 | 222.00 | 266.00 | NOTE | |
r-patched-linux-x86_64 | 0.1.1 | 55.99 | 279.14 | 335.13 | NOTE | |
r-release-linux-x86_64 | 0.1.1 | 53.41 | 284.16 | 337.57 | NOTE | |
r-release-macos-arm64 | 0.1.1 | 107.00 | NOTE | |||
r-release-windows-x86_64 | 0.1.1 | 44.00 | 163.00 | 207.00 | NOTE | |
r-oldrel-macos-arm64 | 0.1.1 | 134.00 | NOTE | |||
r-oldrel-macos-x86_64 | 0.1.1 | 167.00 | NOTE | |||
r-oldrel-windows-x86_64 | 0.1.1 | 56.00 | 301.00 | 357.00 | NOTE |
Version: 0.1.1
Check: C++ specification
Result: NOTE
Specified C++11: please drop specification unless essential
Flavors: r-devel-linux-x86_64-debian-clang, r-devel-linux-x86_64-debian-gcc, r-devel-linux-x86_64-fedora-clang, r-devel-linux-x86_64-fedora-gcc, r-devel-windows-x86_64, r-patched-linux-x86_64, r-release-linux-x86_64, r-release-macos-arm64, r-release-windows-x86_64, r-oldrel-macos-x86_64
Version: 0.1.1
Check: installed package size
Result: NOTE
installed size is 5.8Mb
sub-directories of 1Mb or more:
doc 2.3Mb
help 2.0Mb
libs 1.2Mb
Flavors: r-devel-windows-x86_64, r-release-macos-arm64, r-release-windows-x86_64, r-oldrel-macos-arm64, r-oldrel-macos-x86_64, r-oldrel-windows-x86_64