CRAN Package Check Results for Package meteorits

Last updated on 2022-07-02 12:53:07 CEST.

Flavor Version Tinstall Tcheck Ttotal Status Flags
r-devel-linux-x86_64-debian-clang 0.1.1 53.28 270.97 324.25 OK
r-devel-linux-x86_64-debian-gcc 0.1.1 41.71 216.35 258.06 OK
r-devel-linux-x86_64-fedora-clang 0.1.1 322.06 NOTE
r-devel-linux-x86_64-fedora-gcc 0.1.1 442.84 OK
r-devel-windows-x86_64 0.1.1 118.00 360.00 478.00 NOTE
r-patched-linux-x86_64 0.1.1 45.77 238.43 284.20 OK
r-release-linux-x86_64 0.1.1 47.75 196.23 243.98 OK
r-release-macos-arm64 0.1.1 93.00 NOTE
r-release-macos-x86_64 0.1.1 125.00 NOTE
r-release-windows-x86_64 0.1.1 111.00 265.00 376.00 NOTE
r-oldrel-macos-arm64 0.1.1 91.00 NOTE
r-oldrel-macos-x86_64 0.1.1 203.00 NOTE
r-oldrel-windows-ix86+x86_64 0.1.1 134.00 326.00 460.00 NOTE

Check Details

Version: 0.1.1
Check: installed package size
Result: NOTE
     installed size is 6.4Mb
     sub-directories of 1Mb or more:
     doc 2.3Mb
     help 2.0Mb
     libs 1.7Mb
Flavors: r-devel-linux-x86_64-fedora-clang, r-devel-windows-x86_64, r-release-macos-arm64, r-release-macos-x86_64, r-release-windows-x86_64, r-oldrel-macos-arm64, r-oldrel-macos-x86_64, r-oldrel-windows-ix86+x86_64