CRAN Package Check Results for Package meteoForecast

Last updated on 2022-07-03 11:53:42 CEST.

Flavor Version Tinstall Tcheck Ttotal Status Flags
r-devel-linux-x86_64-debian-clang 0.54 31.24 249.71 280.95 NOTE
r-devel-linux-x86_64-debian-gcc 0.54 22.14 186.00 208.14 NOTE
r-devel-linux-x86_64-fedora-clang 0.54 335.26 NOTE
r-devel-linux-x86_64-fedora-gcc 0.54 336.17 NOTE
r-devel-windows-x86_64 0.54 44.00 234.00 278.00 NOTE
r-patched-linux-x86_64 0.54 27.44 243.30 270.74 NOTE
r-release-linux-x86_64 0.54 23.92 246.16 270.08 NOTE
r-release-macos-arm64 0.54 71.00 NOTE
r-release-macos-x86_64 0.54 102.00 NOTE
r-release-windows-x86_64 0.54 42.00 248.00 290.00 NOTE
r-oldrel-macos-arm64 0.54 38.00 NOTE
r-oldrel-macos-x86_64 0.54 73.00 NOTE
r-oldrel-windows-ix86+x86_64 0.54 60.00 246.00 306.00 NOTE

Check Details

Version: 0.54
Check: LazyData
Result: NOTE
     'LazyData' is specified without a 'data' directory
Flavors: r-devel-linux-x86_64-debian-clang, r-devel-linux-x86_64-debian-gcc, r-devel-linux-x86_64-fedora-clang, r-devel-linux-x86_64-fedora-gcc, r-devel-windows-x86_64, r-patched-linux-x86_64, r-release-linux-x86_64, r-release-macos-arm64, r-release-macos-x86_64, r-release-windows-x86_64, r-oldrel-macos-arm64, r-oldrel-macos-x86_64, r-oldrel-windows-ix86+x86_64