Last updated on 2023-01-30 10:52:05 CET.
Flavor | Version | Tinstall | Tcheck | Ttotal | Status | Flags |
---|---|---|---|---|---|---|
r-devel-linux-x86_64-debian-clang | 1.0-6 | 2.19 | 28.19 | 30.38 | OK | |
r-devel-linux-x86_64-debian-gcc | 1.0-6 | 2.39 | 21.55 | 23.94 | OK | |
r-devel-linux-x86_64-fedora-clang | 1.0-6 | 38.83 | OK | |||
r-devel-linux-x86_64-fedora-gcc | 1.0-6 | 37.99 | OK | |||
r-devel-windows-x86_64 | 1.0-6 | 20.00 | 61.00 | 81.00 | OK | |
r-patched-linux-x86_64 | 1.0-6 | 2.98 | 27.88 | 30.86 | OK | |
r-release-linux-x86_64 | 1.0-6 | 2.92 | 28.04 | 30.96 | OK | |
r-release-macos-arm64 | 1.0-6 | 18.00 | OK | |||
r-release-macos-x86_64 | 1.0-6 | 28.00 | ERROR | |||
r-release-windows-x86_64 | 1.0-6 | 21.00 | 61.00 | 82.00 | OK | |
r-oldrel-macos-arm64 | 1.0-6 | 19.00 | OK | |||
r-oldrel-macos-x86_64 | 1.0-6 | 30.00 | OK | |||
r-oldrel-windows-ix86+x86_64 | 1.0-6 | 6.00 | 52.00 | 58.00 | OK |
Version: 1.0-6
Check: tests
Result: ERROR
Running ‘mpost.R’ [1s/1s]
Running the tests in ‘tests/mpost.R’ failed.
Last 13 lines of output:
Read 8 items
Read 8 items
Read 8 items
Read 8 items
Read 8 items
>
> library(grImport)
Loading required package: XML
> PostScriptTrace("fig.1")
sh: gs: command not found
Error in PostScriptTrace("fig.1") : sorry, 'gs' cannot be found
In addition: Warning message:
In system(paste(shQuote(gsexe), "-help > /dev/null")) :
error in running command
Execution halted
Flavor: r-release-macos-x86_64