CRAN Package Check Results for Package metamisc

Last updated on 2022-06-27 11:50:48 CEST.

Flavor Version Tinstall Tcheck Ttotal Status Flags
r-devel-linux-x86_64-debian-clang 0.2.5 19.87 170.01 189.88 OK
r-devel-linux-x86_64-debian-gcc 0.2.5 16.06 124.33 140.39 OK
r-devel-linux-x86_64-fedora-clang 0.2.5 233.43 OK
r-devel-linux-x86_64-fedora-gcc 0.2.5 228.59 OK
r-devel-windows-x86_64 0.2.5 113.00 183.00 296.00 OK
r-patched-linux-x86_64 0.2.5 22.10 156.16 178.26 OK
r-release-linux-x86_64 0.2.5 17.66 156.83 174.49 OK
r-release-macos-arm64 0.2.5 58.00 OK
r-release-macos-x86_64 0.2.5 99.00 NOTE
r-release-windows-x86_64 0.2.5 104.00 182.00 286.00 OK
r-oldrel-macos-arm64 0.2.5 61.00 OK
r-oldrel-macos-x86_64 0.2.5 76.00 OK
r-oldrel-windows-ix86+x86_64 0.2.5 40.00 185.00 225.00 OK

Check Details

Version: 0.2.5
Check: package dependencies
Result: NOTE
    Packages suggested but not available for checking: 'runjags', 'rjags'
Flavor: r-release-macos-x86_64