Last updated on 2023-02-07 11:52:13 CET.
Flavor | Version | Tinstall | Tcheck | Ttotal | Status | Flags |
---|---|---|---|---|---|---|
r-devel-linux-x86_64-debian-clang | 1.2 | 13.33 | 206.33 | 219.66 | OK | |
r-devel-linux-x86_64-debian-gcc | 1.2 | 12.88 | 147.06 | 159.94 | OK | |
r-devel-linux-x86_64-fedora-clang | 1.2 | 279.46 | NOTE | |||
r-devel-linux-x86_64-fedora-gcc | 1.2 | 265.82 | NOTE | |||
r-devel-windows-x86_64 | 1.2 | 90.00 | 223.00 | 313.00 | OK | |
r-patched-linux-x86_64 | 1.2 | 13.22 | 190.64 | 203.86 | OK | |
r-release-linux-x86_64 | 1.2 | 14.21 | 190.82 | 205.03 | OK | |
r-release-macos-arm64 | 1.2 | 72.00 | NOTE | |||
r-release-macos-x86_64 | 1.2 | 120.00 | NOTE | |||
r-release-windows-x86_64 | 1.2 | 61.00 | 237.00 | 298.00 | OK | |
r-oldrel-macos-arm64 | 1.2 | 94.00 | NOTE | |||
r-oldrel-macos-x86_64 | 1.2 | 137.00 | NOTE | |||
r-oldrel-windows-ix86+x86_64 | 1.2 | 34.00 | 231.00 | 265.00 | OK |
Version: 1.2
Check: dependencies in R code
Result: NOTE
Namespace in Imports field not imported from: ‘lmerTest’
All declared Imports should be used.
Flavors: r-devel-linux-x86_64-fedora-clang, r-devel-linux-x86_64-fedora-gcc, r-release-macos-arm64, r-release-macos-x86_64, r-oldrel-macos-arm64, r-oldrel-macos-x86_64