CRAN Package Check Results for Package metajam

Last updated on 2022-06-29 11:52:14 CEST.

Flavor Version Tinstall Tcheck Ttotal Status Flags
r-devel-linux-x86_64-debian-clang 0.2.3 12.50 115.88 128.38 OK
r-devel-linux-x86_64-debian-gcc 0.2.3 9.53 83.97 93.50 OK
r-devel-linux-x86_64-fedora-clang 0.2.3 160.50 NOTE
r-devel-linux-x86_64-fedora-gcc 0.2.3 153.33 NOTE
r-devel-windows-x86_64 0.2.3 50.00 156.00 206.00 OK
r-patched-linux-x86_64 0.2.3 11.44 105.39 116.83 OK
r-release-linux-x86_64 0.2.3 10.56 106.39 116.95 OK
r-release-macos-arm64 0.2.3 45.00 OK
r-release-macos-x86_64 0.2.3 79.00 OK
r-release-windows-x86_64 0.2.3 27.00 138.00 165.00 OK
r-oldrel-macos-arm64 0.2.3 50.00 OK
r-oldrel-macos-x86_64 0.2.3 77.00 OK
r-oldrel-windows-ix86+x86_64 0.2.3 31.00 151.00 182.00 OK

Check Details

Version: 0.2.3
Check: package dependencies
Result: NOTE
    Suggests orphaned package: ‘udunits2’
Flavors: r-devel-linux-x86_64-fedora-clang, r-devel-linux-x86_64-fedora-gcc