Last updated on 2024-04-17 10:41:42 CEST.
Flavor | Version | Tinstall | Tcheck | Ttotal | Status | Flags |
---|---|---|---|---|---|---|
r-devel-linux-x86_64-debian-clang | 4.6-0 | 80.98 | 566.56 | 647.54 | OK | |
r-devel-linux-x86_64-debian-gcc | 4.6-0 | 70.94 | 390.91 | 461.85 | OK | |
r-devel-linux-x86_64-fedora-clang | 4.6-0 | 770.16 | NOTE | |||
r-devel-linux-x86_64-fedora-gcc | 4.6-0 | 746.57 | OK | |||
r-prerel-macos-arm64 | 4.6-0 | 159.00 | NOTE | |||
r-prerel-macos-x86_64 | 4.6-0 | 557.00 | NOTE | |||
r-prerel-windows-x86_64 | 4.6-0 | 63.00 | 358.00 | 421.00 | NOTE | |
r-patched-linux-x86_64 | 4.6-0 | 83.71 | 537.80 | 621.51 | OK | |
r-release-linux-x86_64 | 4.6-0 | 79.66 | 544.18 | 623.84 | OK | |
r-release-macos-arm64 | 4.6-0 | 166.00 | NOTE | |||
r-release-macos-x86_64 | 4.6-0 | 498.00 | NOTE | |||
r-release-windows-x86_64 | 4.6-0 | 86.00 | 502.00 | 588.00 | NOTE | |
r-oldrel-macos-arm64 | 4.6-0 | 150.00 | NOTE | |||
r-oldrel-windows-x86_64 | 4.6-0 | 89.00 | 476.00 | 565.00 | NOTE |
Version: 4.6-0
Check: installed package size
Result: NOTE
installed size is 5.2Mb
sub-directories of 1Mb or more:
R 2.0Mb
help 2.3Mb
Flavors: r-devel-linux-x86_64-fedora-clang, r-prerel-macos-arm64, r-prerel-macos-x86_64, r-prerel-windows-x86_64, r-release-macos-arm64, r-release-macos-x86_64, r-release-windows-x86_64, r-oldrel-macos-arm64, r-oldrel-windows-x86_64