Last updated on 2024-08-31 11:49:33 CEST.
Flavor | Version | Tinstall | Tcheck | Ttotal | Status | Flags |
---|---|---|---|---|---|---|
r-devel-linux-x86_64-debian-clang | 0.1.2 | 24.84 | 45.89 | 70.73 | OK | |
r-devel-linux-x86_64-debian-gcc | 0.1.2 | 17.40 | 32.38 | 49.78 | OK | |
r-devel-linux-x86_64-fedora-clang | 0.1.2 | 120.97 | OK | |||
r-devel-linux-x86_64-fedora-gcc | 0.1.2 | 136.53 | OK | |||
r-devel-windows-x86_64 | 0.1.2 | 26.00 | 95.00 | 121.00 | OK | |
r-patched-linux-x86_64 | 0.1.2 | 25.32 | 44.15 | 69.47 | OK | |
r-release-linux-x86_64 | 0.1.2 | 23.84 | 43.61 | 67.45 | OK | |
r-release-macos-arm64 | 0.1.2 | 39.00 | OK | |||
r-release-macos-x86_64 | 0.1.2 | 55.00 | WARN | |||
r-release-windows-x86_64 | 0.1.2 | 30.00 | 103.00 | 133.00 | OK | |
r-oldrel-macos-arm64 | 0.1.2 | 57.00 | OK | |||
r-oldrel-macos-x86_64 | 0.1.2 | 125.00 | OK | |||
r-oldrel-windows-x86_64 | 0.1.2 | 34.00 | 110.00 | 144.00 | OK |
Version: 0.1.2
Check: re-building of vignette outputs
Result: WARN
Error(s) in re-building vignettes:
...
--- re-building ‘metafolio.Rnw’ using knitr
Error: processing vignette 'metafolio.Rnw' failed with diagnostics:
Running 'texi2dvi' on 'metafolio.tex' failed.
LaTeX errors:
! Undefined control sequence.
l.140 \hlkwd{library}\hldef
{(metafolio)}
?
! Emergency stop.
! Emergency stop.
l.140
End of file on the terminal!
! ==> Fatal error occurred, no output PDF file produced!
--- failed re-building ‘metafolio.Rnw’
SUMMARY: processing the following file failed:
‘metafolio.Rnw’
Error: Vignette re-building failed.
Execution halted
Flavor: r-release-macos-x86_64