Last updated on 2024-03-27 10:09:31 CET.
Flavor | Version | Tinstall | Tcheck | Ttotal | Status | Flags |
---|---|---|---|---|---|---|
r-devel-linux-x86_64-debian-clang | 1.0.3 | 19.14 | 204.85 | 223.99 | OK | |
r-devel-linux-x86_64-debian-gcc | 1.0.3 | 15.57 | 158.52 | 174.09 | OK | |
r-devel-linux-x86_64-fedora-clang | 1.0.3 | 285.17 | NOTE | |||
r-devel-linux-x86_64-fedora-gcc | 1.0.3 | 285.80 | OK | |||
r-devel-windows-x86_64 | 1.0.3 | 16.00 | 180.00 | 196.00 | NOTE | |
r-patched-linux-x86_64 | 1.0.3 | 17.95 | 207.77 | 225.72 | OK | |
r-release-linux-x86_64 | 1.0.3 | 11.66 | 198.67 | 210.33 | OK | |
r-release-macos-arm64 | 1.0.3 | 169.00 | NOTE | |||
r-release-macos-x86_64 | 1.0.3 | 216.00 | NOTE | |||
r-release-windows-x86_64 | 1.0.3 | 21.00 | 216.00 | 237.00 | NOTE | |
r-oldrel-macos-arm64 | 1.0.3 | 100.00 | NOTE | |||
r-oldrel-windows-x86_64 | 1.0.3 | 23.00 | 220.00 | 243.00 | NOTE |
Version: 1.0.3
Check: installed package size
Result: NOTE
installed size is 5.2Mb
sub-directories of 1Mb or more:
data 4.1Mb
Flavors: r-devel-linux-x86_64-fedora-clang, r-devel-windows-x86_64, r-release-macos-arm64, r-release-macos-x86_64, r-release-windows-x86_64, r-oldrel-macos-arm64, r-oldrel-windows-x86_64