CRAN Package Check Results for Package metaEnsembleR

Last updated on 2023-11-28 13:50:59 CET.

Flavor Version Tinstall Tcheck Ttotal Status Flags
r-devel-linux-x86_64-debian-clang 0.1.0 3.40 36.24 39.64 NOTE
r-devel-linux-x86_64-debian-gcc 0.1.0 2.86 27.44 30.30 NOTE
r-devel-linux-x86_64-fedora-clang 0.1.0 55.95 NOTE
r-devel-linux-x86_64-fedora-gcc 0.1.0 61.44 NOTE
r-devel-windows-x86_64 0.1.0 5.00 50.00 55.00 OK
r-patched-linux-x86_64 0.1.0 3.92 35.22 39.14 OK
r-release-linux-x86_64 0.1.0 2.20 34.43 36.63 OK
r-release-macos-arm64 0.1.0 26.00 OK
r-release-macos-x86_64 0.1.0 36.00 OK
r-release-windows-x86_64 0.1.0 6.00 54.00 60.00 OK
r-oldrel-macos-arm64 0.1.0 18.00 NOTE
r-oldrel-macos-x86_64 0.1.0 28.00 NOTE
r-oldrel-windows-x86_64 0.1.0 7.00 58.00 65.00 OK

Check Details

Version: 0.1.0
Check: Rd files
Result: NOTE checkRd: (-1) ensembler.classifier.Rd:47: Lost braces; missing escapes or markup? 47 | {ensembler_return[1]}{Test data predictions.} | ^ checkRd: (-1) ensembler.classifier.Rd:47: Lost braces 47 | {ensembler_return[1]}{Test data predictions.} | ^ checkRd: (-1) ensembler.classifier.Rd:48: Lost braces; missing escapes or markup? 48 | {ensembler_return[2]}{Prediction labels.} | ^ checkRd: (-1) ensembler.classifier.Rd:48: Lost braces 48 | {ensembler_return[2]}{Prediction labels.} | ^ checkRd: (-1) ensembler.classifier.Rd:49: Lost braces; missing escapes or markup? 49 | {ensembler_return[3]}{Model Result.} | ^ checkRd: (-1) ensembler.classifier.Rd:49: Lost braces 49 | {ensembler_return[3]}{Model Result.} | ^ checkRd: (-1) ensembler.classifier.Rd:50: Lost braces; missing escapes or markup? 50 | {ensembler_return[4]}{Unseen data predictions.} | ^ checkRd: (-1) ensembler.classifier.Rd:50: Lost braces 50 | {ensembler_return[4]}{Unseen data predictions.} | ^ checkRd: (-1) ensembler.regression.Rd:47: Lost braces; missing escapes or markup? 47 | {ensembler_return[1]}{Test data predictions.} | ^ checkRd: (-1) ensembler.regression.Rd:47: Lost braces 47 | {ensembler_return[1]}{Test data predictions.} | ^ checkRd: (-1) ensembler.regression.Rd:48: Lost braces; missing escapes or markup? 48 | {ensembler_return[2]}{Prediction values.} | ^ checkRd: (-1) ensembler.regression.Rd:48: Lost braces 48 | {ensembler_return[2]}{Prediction values.} | ^ checkRd: (-1) ensembler.regression.Rd:49: Lost braces; missing escapes or markup? 49 | {ensembler_return[3]}{Model Result.} | ^ checkRd: (-1) ensembler.regression.Rd:49: Lost braces 49 | {ensembler_return[3]}{Model Result.} | ^ checkRd: (-1) ensembler.regression.Rd:50: Lost braces; missing escapes or markup? 50 | {ensembler_return[4]}{Unseen data predictions.} | ^ checkRd: (-1) ensembler.regression.Rd:50: Lost braces 50 | {ensembler_return[4]}{Unseen data predictions.} | ^ Flavors: r-devel-linux-x86_64-debian-clang, r-devel-linux-x86_64-debian-gcc

Version: 0.1.0
Check: dependencies in R code
Result: NOTE Namespaces in Imports field not imported from: ‘e1071’ ‘gbm’ ‘ggplot2’ ‘graphics’ ‘randomForest’ All declared Imports should be used. Flavors: r-devel-linux-x86_64-fedora-clang, r-devel-linux-x86_64-fedora-gcc, r-oldrel-macos-arm64, r-oldrel-macos-x86_64