Last updated on 2025-10-21 11:53:29 CEST.
Flavor | Version | Tinstall | Tcheck | Ttotal | Status | Flags |
---|---|---|---|---|---|---|
r-devel-linux-x86_64-debian-clang | 1.0.1 | 3.36 | 35.47 | 38.83 | NOTE | |
r-devel-linux-x86_64-debian-gcc | 1.0.1 | 2.46 | 26.50 | 28.96 | NOTE | |
r-devel-linux-x86_64-fedora-clang | 1.0.1 | 60.32 | NOTE | |||
r-devel-linux-x86_64-fedora-gcc | 1.0.1 | 97.35 | NOTE | |||
r-devel-windows-x86_64 | 1.0.1 | 5.00 | 61.00 | 66.00 | NOTE | |
r-patched-linux-x86_64 | 1.0.1 | 4.05 | 32.71 | 36.76 | NOTE | |
r-release-linux-x86_64 | 1.0.1 | 3.60 | 32.68 | 36.28 | NOTE | |
r-release-macos-arm64 | 1.0.1 | 70.00 | NOTE | |||
r-release-macos-x86_64 | 1.0.1 | 3.00 | 100.00 | 103.00 | NOTE | |
r-release-windows-x86_64 | 1.0.1 | 6.00 | 66.00 | 72.00 | NOTE | |
r-oldrel-macos-arm64 | 1.0.1 | 52.00 | NOTE | |||
r-oldrel-macos-x86_64 | 1.0.1 | 77.00 | NOTE | |||
r-oldrel-windows-x86_64 | 1.0.1 | 7.00 | 72.00 | 79.00 | NOTE |
Version: 1.0.1
Check: CRAN incoming feasibility
Result: NOTE
Maintainer: ‘Daniel Noble <daniel.wa.noble@gmail.com>’
Package CITATION file contains call(s) to old-style personList() or
as.personList(). Please use c() on person objects instead.
Package CITATION file contains call(s) to old-style citEntry(). Please
use bibentry() instead.
Flavors: r-devel-linux-x86_64-debian-clang, r-devel-linux-x86_64-debian-gcc
Version: 1.0.1
Check: package subdirectories
Result: NOTE
Problems with news in ‘NEWS.md’:
No news entries found.
Flavors: r-devel-linux-x86_64-debian-clang, r-devel-linux-x86_64-debian-gcc, r-devel-linux-x86_64-fedora-clang, r-devel-linux-x86_64-fedora-gcc, r-devel-windows-x86_64, r-patched-linux-x86_64, r-release-linux-x86_64, r-release-macos-arm64, r-release-macos-x86_64, r-release-windows-x86_64, r-oldrel-macos-arm64, r-oldrel-macos-x86_64, r-oldrel-windows-x86_64
Version: 1.0.1
Check: HTML version of manual
Result: NOTE
Found the following HTML validation problems:
MB_extract.html:67:1 (MB_extract.Rd:21): Warning: missing </ul> before </div>
ask_variable.html:46:1 (ask_variable.Rd:10): Warning: missing </ul> before </div>
cal_coords.html:54:1 (cal_coords.Rd:14): Warning: missing </ul> before </div>
calibrate.html:62:1 (calibrate.Rd:18): Warning: missing </ul> before </div>
cat_matrix.html:50:1 (cat_matrix.Rd:12): Warning: missing </ul> before </div>
convert_group_data.html:50:1 (convert_group_data.Rd:12): Warning: missing </ul> before </div>
convert_histogram_data.html:46:1 (convert_histogram_data.Rd:10): Warning: missing </ul> before </div>
delete_group.html:46:1 (delete_group.Rd:10): Warning: missing </ul> before </div>
edit_group.html:62:1 (edit_group.Rd:18): Warning: missing </ul> before </div>
filename.html:46:1 (filename.Rd:10): Warning: missing </ul> before </div>
getVals.html:50:1 (getVals.Rd:12): Warning: missing </ul> before </div>
group_scatter_extract.html:59:1 (group_scatter_extract.Rd:17): Warning: missing </ul> before </div>
histogram_extract.html:63:1 (histogram_extract.Rd:19): Warning: missing </ul> before </div>
internal_redraw.html:97:1 (internal_redraw.Rd:37): Warning: missing </ul> before </div>
knownN.html:58:1 (knownN.Rd:16): Warning: missing </ul> before </div>
logAxes.html:46:1 (logAxes.Rd:10): Warning: missing </ul> before </div>
point_extraction.html:50:1 (point_extraction.Rd:12): Warning: missing </ul> before </div>
print_cal_instructions.html:50:1 (print_cal_instructions.Rd:12): Warning: missing </ul> before </div>
process_data.html:46:1 (process_data.Rd:10): Warning: missing </ul> before </div>
redraw_calibration.html:67:1 (redraw_calibration.Rd:21): Warning: missing </ul> before </div>
redraw_points.html:58:1 (redraw_points.Rd:16): Warning: missing </ul> before </div>
redraw_rotation.html:54:1 (redraw_rotation.Rd:14): Warning: missing </ul> before </div>
single_MB_extract.html:50:1 (single_MB_extract.Rd:12): Warning: missing </ul> before </div>
user_base.html:46:1 (user_base.Rd:10): Warning: missing </ul> before </div>
user_calibrate.html:46:1 (user_calibrate.Rd:10): Warning: missing </ul> before </div>
user_count.html:46:1 (user_count.Rd:10): Warning: missing </ul> before </div>
user_numeric.html:46:1 (user_numeric.Rd:10): Warning: missing </ul> before </div>
user_options.html:50:1 (user_options.Rd:12): Warning: missing </ul> before </div>
user_rotate_graph.html:46:1 (user_rotate_graph.Rd:10): Warning: missing </ul> before </div>
user_unique.html:50:1 (user_unique.Rd:12): Warning: missing </ul> before </div>
Flavors: r-devel-linux-x86_64-debian-clang, r-devel-linux-x86_64-debian-gcc
Version: 1.0.1
Check: LazyData
Result: NOTE
'LazyData' is specified without a 'data' directory
Flavors: r-oldrel-macos-arm64, r-oldrel-macos-x86_64, r-oldrel-windows-x86_64