Last updated on 2023-01-31 12:53:42 CET.
Flavor | Version | Tinstall | Tcheck | Ttotal | Status | Flags |
---|---|---|---|---|---|---|
r-devel-linux-x86_64-debian-clang | 1.0.1 | 4.60 | 38.71 | 43.31 | NOTE | |
r-devel-linux-x86_64-debian-gcc | 1.0.1 | 3.31 | 29.45 | 32.76 | NOTE | |
r-devel-linux-x86_64-fedora-clang | 1.0.1 | 55.61 | NOTE | |||
r-devel-linux-x86_64-fedora-gcc | 1.0.1 | 85.77 | NOTE | |||
r-devel-windows-x86_64 | 1.0.1 | 53.00 | 78.00 | 131.00 | NOTE | |
r-patched-linux-x86_64 | 1.0.1 | 4.89 | 36.00 | 40.89 | NOTE | |
r-release-linux-x86_64 | 1.0.1 | 4.33 | 36.98 | 41.31 | NOTE | |
r-release-macos-arm64 | 1.0.1 | 32.00 | NOTE | |||
r-release-macos-x86_64 | 1.0.1 | 46.00 | NOTE | |||
r-release-windows-x86_64 | 1.0.1 | 100.00 | 75.00 | 175.00 | NOTE | |
r-oldrel-macos-arm64 | 1.0.1 | 32.00 | NOTE | |||
r-oldrel-macos-x86_64 | 1.0.1 | 62.00 | NOTE | |||
r-oldrel-windows-ix86+x86_64 | 1.0.1 | 9.00 | 67.00 | 76.00 | NOTE |
Version: 1.0.1
Check: package subdirectories
Result: NOTE
Problems with news in ‘NEWS.md’:
No news entries found.
Flavors: r-devel-linux-x86_64-debian-clang, r-devel-linux-x86_64-debian-gcc, r-devel-linux-x86_64-fedora-clang, r-devel-linux-x86_64-fedora-gcc, r-devel-windows-x86_64
Version: 1.0.1
Check: LazyData
Result: NOTE
'LazyData' is specified without a 'data' directory
Flavors: r-devel-linux-x86_64-debian-clang, r-devel-linux-x86_64-debian-gcc, r-devel-linux-x86_64-fedora-clang, r-devel-linux-x86_64-fedora-gcc, r-devel-windows-x86_64, r-patched-linux-x86_64, r-release-linux-x86_64, r-release-macos-arm64, r-release-macos-x86_64, r-release-windows-x86_64, r-oldrel-macos-arm64, r-oldrel-macos-x86_64, r-oldrel-windows-ix86+x86_64