Last updated on 2024-03-27 10:09:31 CET.
Flavor | Version | Tinstall | Tcheck | Ttotal | Status | Flags |
---|---|---|---|---|---|---|
r-devel-linux-x86_64-debian-clang | 1.0.0 | 7.42 | 60.46 | 67.88 | NOTE | |
r-devel-linux-x86_64-debian-gcc | 1.0.0 | 5.64 | 47.47 | 53.11 | NOTE | |
r-devel-linux-x86_64-fedora-clang | 1.0.0 | 86.51 | NOTE | |||
r-devel-linux-x86_64-fedora-gcc | 1.0.0 | 84.69 | NOTE | |||
r-devel-windows-x86_64 | 1.0.0 | 6.00 | 60.00 | 66.00 | NOTE | |
r-patched-linux-x86_64 | 1.0.0 | 5.74 | 60.24 | 65.98 | NOTE | |
r-release-linux-x86_64 | 1.0.0 | 8.03 | 62.84 | 70.87 | NOTE | |
r-release-macos-arm64 | 1.0.0 | 29.00 | NOTE | |||
r-release-macos-x86_64 | 1.0.0 | 48.00 | NOTE | |||
r-release-windows-x86_64 | 1.0.0 | 8.00 | 68.00 | 76.00 | NOTE | |
r-oldrel-macos-arm64 | 1.0.0 | 29.00 | NOTE | |||
r-oldrel-windows-x86_64 | 1.0.0 | 9.00 | 75.00 | 84.00 | NOTE |
Version: 1.0.0
Check: LazyData
Result: NOTE
'LazyData' is specified without a 'data' directory
Flavors: r-devel-linux-x86_64-debian-clang, r-devel-linux-x86_64-debian-gcc, r-devel-linux-x86_64-fedora-clang, r-devel-linux-x86_64-fedora-gcc, r-devel-windows-x86_64, r-patched-linux-x86_64, r-release-linux-x86_64, r-release-macos-arm64, r-release-macos-x86_64, r-release-windows-x86_64, r-oldrel-macos-arm64, r-oldrel-windows-x86_64