CRAN Package Check Results for Package metaBLUE

Last updated on 2022-07-05 11:49:57 CEST.

Flavor Version Tinstall Tcheck Ttotal Status Flags
r-devel-linux-x86_64-debian-clang 1.0.0 7.18 61.95 69.13 NOTE
r-devel-linux-x86_64-debian-gcc 1.0.0 6.39 48.10 54.49 NOTE
r-devel-linux-x86_64-fedora-clang 1.0.0 94.69 NOTE
r-devel-linux-x86_64-fedora-gcc 1.0.0 93.58 NOTE
r-devel-windows-x86_64 1.0.0 17.00 81.00 98.00 NOTE
r-patched-linux-x86_64 1.0.0 7.34 60.36 67.70 NOTE
r-release-linux-x86_64 1.0.0 6.43 60.61 67.04 NOTE
r-release-macos-arm64 1.0.0 28.00 NOTE
r-release-macos-x86_64 1.0.0 41.00 NOTE
r-release-windows-x86_64 1.0.0 18.00 83.00 101.00 NOTE
r-oldrel-macos-arm64 1.0.0 33.00 NOTE
r-oldrel-macos-x86_64 1.0.0 54.00 NOTE
r-oldrel-windows-ix86+x86_64 1.0.0 16.00 77.00 93.00 NOTE

Check Details

Version: 1.0.0
Check: LazyData
Result: NOTE
     'LazyData' is specified without a 'data' directory
Flavors: r-devel-linux-x86_64-debian-clang, r-devel-linux-x86_64-debian-gcc, r-devel-linux-x86_64-fedora-clang, r-devel-linux-x86_64-fedora-gcc, r-devel-windows-x86_64, r-patched-linux-x86_64, r-release-linux-x86_64, r-release-macos-arm64, r-release-macos-x86_64, r-release-windows-x86_64, r-oldrel-macos-arm64, r-oldrel-macos-x86_64, r-oldrel-windows-ix86+x86_64