Last updated on 2025-02-21 10:51:47 CET.
Flavor | Version | Tinstall | Tcheck | Ttotal | Status | Flags |
---|---|---|---|---|---|---|
r-devel-linux-x86_64-debian-clang | 2.1.1 | 13.47 | 72.89 | 86.36 | OK | |
r-devel-linux-x86_64-debian-gcc | 2.1.1 | 7.95 | 49.62 | 57.57 | OK | |
r-devel-linux-x86_64-fedora-clang | 2.1.1 | 139.29 | OK | |||
r-devel-linux-x86_64-fedora-gcc | 2.1.1 | 146.35 | OK | |||
r-devel-macos-arm64 | 2.1.1 | 39.00 | OK | |||
r-devel-macos-x86_64 | 2.1.1 | 69.00 | OK | |||
r-devel-windows-x86_64 | 2.1.1 | 14.00 | 87.00 | 101.00 | OK | |
r-patched-linux-x86_64 | 2.1.1 | 12.94 | 67.56 | 80.50 | NOTE | |
r-release-linux-x86_64 | 2.1.1 | 12.84 | 67.64 | 80.48 | NOTE | |
r-release-macos-arm64 | 2.1.1 | 36.00 | NOTE | |||
r-release-macos-x86_64 | 2.1.1 | 56.00 | NOTE | |||
r-release-windows-x86_64 | 2.1.1 | 15.00 | 85.00 | 100.00 | OK | |
r-oldrel-macos-arm64 | 2.1.1 | 37.00 | NOTE | |||
r-oldrel-macos-x86_64 | 2.1.1 | 57.00 | NOTE | |||
r-oldrel-windows-x86_64 | 2.1.1 | 19.00 | 104.00 | 123.00 | NOTE |
Version: 2.1.1
Check: package dependencies
Result: NOTE
Package suggested but not available for checking: ‘INLA’
Flavors: r-patched-linux-x86_64, r-release-linux-x86_64, r-release-macos-arm64, r-release-macos-x86_64, r-oldrel-macos-arm64, r-oldrel-macos-x86_64, r-oldrel-windows-x86_64