CRAN Package Check Results for Package meta4diag

Last updated on 2022-09-29 10:52:49 CEST.

Flavor Version Tinstall Tcheck Ttotal Status Flags
r-devel-linux-x86_64-debian-clang 2.1.1 14.58 94.80 109.38 NOTE
r-devel-linux-x86_64-debian-gcc 2.1.1 11.38 70.31 81.69 NOTE
r-devel-linux-x86_64-fedora-clang 2.1.1 149.27 OK
r-devel-linux-x86_64-fedora-gcc 2.1.1 143.23 OK
r-devel-windows-x86_64 2.1.1 42.00 115.00 157.00 NOTE
r-patched-linux-x86_64 2.1.1 16.66 89.89 106.55 NOTE
r-release-linux-x86_64 2.1.1 13.12 89.21 102.33 NOTE
r-release-macos-arm64 2.1.1 36.00 NOTE
r-release-macos-x86_64 2.1.1 62.00 NOTE
r-release-windows-x86_64 2.1.1 81.00 121.00 202.00 NOTE
r-oldrel-macos-arm64 2.1.1 209.00 NOTE
r-oldrel-macos-x86_64 2.1.1 49.00 NOTE
r-oldrel-windows-ix86+x86_64 2.1.1 27.00 111.00 138.00 OK

Check Details

Version: 2.1.1
Check: package dependencies
Result: NOTE
    Package suggested but not available for checking: 'INLA'
Flavors: r-devel-linux-x86_64-debian-clang, r-devel-linux-x86_64-debian-gcc, r-devel-windows-x86_64, r-patched-linux-x86_64, r-release-linux-x86_64, r-release-macos-arm64, r-release-macos-x86_64, r-release-windows-x86_64, r-oldrel-macos-arm64, r-oldrel-macos-x86_64