Last updated on 2022-08-09 12:53:30 CEST.
Flavor | Version | Tinstall | Tcheck | Ttotal | Status | Flags |
---|---|---|---|---|---|---|
r-devel-linux-x86_64-debian-clang | 5.5-0 | 52.75 | 298.62 | 351.37 | OK | |
r-devel-linux-x86_64-debian-gcc | 5.5-0 | 42.33 | 216.39 | 258.72 | OK | |
r-devel-linux-x86_64-fedora-clang | 5.5-0 | 425.75 | NOTE | |||
r-devel-linux-x86_64-fedora-gcc | 5.5-0 | 407.29 | OK | |||
r-devel-windows-x86_64 | 5.5-0 | 66.00 | 293.00 | 359.00 | OK | |
r-patched-linux-x86_64 | 5.5-0 | 54.83 | 266.24 | 321.07 | OK | |
r-release-linux-x86_64 | 5.5-0 | OK | ||||
r-release-macos-arm64 | 5.5-0 | 98.00 | OK | |||
r-release-macos-x86_64 | 5.5-0 | 135.00 | OK | |||
r-release-windows-x86_64 | 5.5-0 | 67.00 | 282.00 | 349.00 | OK | |
r-oldrel-macos-arm64 | 5.5-0 | 98.00 | OK | |||
r-oldrel-macos-x86_64 | 5.5-0 | 127.00 | OK | |||
r-oldrel-windows-ix86+x86_64 | 5.5-0 | 89.00 | 292.00 | 381.00 | OK |
Version: 5.5-0
Check: Rd cross-references
Result: NOTE
Undeclared packages ‘netmeta’, ‘metasens’, ‘robumeta’ in Rd xrefs
Flavor: r-devel-linux-x86_64-fedora-clang