Last updated on 2025-05-12 13:50:18 CEST.
Flavor | Version | Tinstall | Tcheck | Ttotal | Status | Flags |
---|---|---|---|---|---|---|
r-devel-linux-x86_64-debian-clang | 0.6.2 | 14.82 | 211.24 | 226.06 | NOTE | |
r-devel-linux-x86_64-debian-gcc | 0.6.2 | 10.10 | 145.88 | 155.98 | NOTE | |
r-devel-linux-x86_64-fedora-clang | 0.6.2 | 363.81 | OK | |||
r-devel-linux-x86_64-fedora-gcc | 0.6.2 | 352.52 | OK | |||
r-devel-windows-x86_64 | 0.6.2 | 16.00 | 170.00 | 186.00 | NOTE | --no-vignettes |
r-patched-linux-x86_64 | 0.6.2 | 15.50 | 197.25 | 212.75 | NOTE | |
r-release-linux-x86_64 | 0.6.2 | 15.17 | 200.34 | 215.51 | NOTE | |
r-release-macos-arm64 | 0.6.2 | 86.00 | OK | |||
r-release-macos-x86_64 | 0.6.2 | 165.00 | OK | |||
r-release-windows-x86_64 | 0.6.2 | 17.00 | 189.00 | 206.00 | NOTE | --no-vignettes |
r-oldrel-macos-arm64 | 0.6.2 | 89.00 | OK | |||
r-oldrel-macos-x86_64 | 0.6.2 | 127.00 | OK | |||
r-oldrel-windows-x86_64 | 0.6.2 | 22.00 | 229.00 | 251.00 | OK | --no-vignettes |
Version: 0.6.2
Check: CRAN incoming feasibility
Result: NOTE
Maintainer: ‘Jared E. Knowles <jared@civilytics.com>’
The BugReports field in DESCRIPTION has
https://github.com/jknowles/merTools
which should likely be
https://github.com/jknowles/merTools/issues
instead.
Flavors: r-devel-linux-x86_64-debian-clang, r-devel-linux-x86_64-debian-gcc
Version: 0.6.2
Check: Rd cross-references
Result: NOTE
Found the following Rd file(s) with Rd \link{} targets missing package
anchors:
VarCorr.merModList.Rd: merMod-class
modelFixedEff.Rd: tidy
plotFEsim.Rd: merMod
plotREsim.Rd: merMod
ranef.merModList.Rd: merMod-class
thetaExtract.Rd: merMod
Please provide package anchors for all Rd \link{} targets not in the
package itself and the base packages.
Flavors: r-devel-linux-x86_64-debian-clang, r-devel-linux-x86_64-debian-gcc, r-patched-linux-x86_64, r-release-linux-x86_64
Version: 0.6.2
Flags: --no-vignettes
Check: Rd cross-references
Result: NOTE
Found the following Rd file(s) with Rd \link{} targets missing package
anchors:
VarCorr.merModList.Rd: merMod-class
modelFixedEff.Rd: tidy
plotFEsim.Rd: merMod
plotREsim.Rd: merMod
ranef.merModList.Rd: merMod-class
thetaExtract.Rd: merMod
Please provide package anchors for all Rd \link{} targets not in the
package itself and the base packages.
Flavors: r-devel-windows-x86_64, r-release-windows-x86_64