CRAN Package Check Results for Package memofunc

Last updated on 2025-04-14 11:50:10 CEST.

Flavor Version Tinstall Tcheck Ttotal Status Flags
r-devel-linux-x86_64-debian-clang 1.0.2 1.92 23.10 25.02 OK
r-devel-linux-x86_64-debian-gcc 1.0.2 1.54 18.27 19.81 OK
r-devel-linux-x86_64-fedora-gcc 1.0.2 38.90 OK
r-devel-windows-x86_64 1.0.2 4.00 58.00 62.00 OK
r-patched-linux-x86_64 1.0.2 1.98 23.12 25.10 OK
r-release-linux-x86_64 1.0.2 1.95 23.47 25.42 OK
r-release-macos-arm64 1.0.2 35.00 OK
r-release-macos-x86_64 1.0.2 34.00 OK
r-release-windows-x86_64 1.0.2 3.00 58.00 61.00 NOTE
r-oldrel-macos-arm64 1.0.2 20.00 NOTE
r-oldrel-macos-x86_64 1.0.2 29.00 NOTE
r-oldrel-windows-x86_64 1.0.2 3.00 58.00 61.00 NOTE

Check Details

Version: 1.0.2
Check: LazyData
Result: NOTE 'LazyData' is specified without a 'data' directory Flavors: r-release-windows-x86_64, r-oldrel-macos-arm64, r-oldrel-macos-x86_64, r-oldrel-windows-x86_64