CRAN Package Check Results for Package meetupapi

Last updated on 2022-07-01 11:52:04 CEST.

Flavor Version Tinstall Tcheck Ttotal Status Flags
r-devel-linux-x86_64-debian-clang 0.1.0 4.86 46.34 51.20 NOTE
r-devel-linux-x86_64-debian-gcc 0.1.0 3.70 34.67 38.37 NOTE
r-devel-linux-x86_64-fedora-clang 0.1.0 72.13 NOTE
r-devel-linux-x86_64-fedora-gcc 0.1.0 68.97 NOTE
r-devel-windows-x86_64 0.1.0 15.00 68.00 83.00 NOTE
r-patched-linux-x86_64 0.1.0 4.99 43.46 48.45 NOTE
r-release-linux-x86_64 0.1.0 4.50 43.48 47.98 NOTE
r-release-macos-arm64 0.1.0 19.00 NOTE
r-release-macos-x86_64 0.1.0 38.00 NOTE
r-release-windows-x86_64 0.1.0 12.00 68.00 80.00 NOTE
r-oldrel-macos-arm64 0.1.0 23.00 NOTE
r-oldrel-macos-x86_64 0.1.0 36.00 NOTE
r-oldrel-windows-ix86+x86_64 0.1.0 13.00 64.00 77.00 NOTE

Check Details

Version: 0.1.0
Check: LazyData
Result: NOTE
     'LazyData' is specified without a 'data' directory
Flavors: r-devel-linux-x86_64-debian-clang, r-devel-linux-x86_64-debian-gcc, r-devel-linux-x86_64-fedora-clang, r-devel-linux-x86_64-fedora-gcc, r-devel-windows-x86_64, r-patched-linux-x86_64, r-release-linux-x86_64, r-release-macos-arm64, r-release-macos-x86_64, r-release-windows-x86_64, r-oldrel-macos-arm64, r-oldrel-macos-x86_64, r-oldrel-windows-ix86+x86_64