CRAN Package Check Results for Package meerva

Last updated on 2024-07-19 12:53:26 CEST.

Flavor Version Tinstall Tcheck Ttotal Status Flags
r-devel-linux-x86_64-debian-clang 0.2-2 6.09 51.96 58.05 OK
r-devel-linux-x86_64-debian-gcc 0.2-2 3.09 37.52 40.61 OK
r-devel-linux-x86_64-fedora-clang 0.2-2 72.07 NOTE
r-devel-linux-x86_64-fedora-gcc 0.2-2 82.88 NOTE
r-devel-windows-x86_64 0.2-2 7.00 61.00 68.00 OK
r-patched-linux-x86_64 0.2-2 6.80 50.61 57.41 OK
r-release-linux-x86_64 0.2-2 3.24 49.63 52.87 OK
r-release-macos-arm64 0.2-2 28.00 OK
r-release-macos-x86_64 0.2-2 45.00 OK
r-release-windows-x86_64 0.2-2 6.00 61.00 67.00 OK
r-oldrel-macos-arm64 0.2-2 32.00 OK
r-oldrel-macos-x86_64 0.2-2 39.00 OK
r-oldrel-windows-x86_64 0.2-2 7.00 65.00 72.00 OK

Check Details

Version: 0.2-2
Check: dependencies in R code
Result: NOTE Namespace in Imports field not imported from: ‘dplyr’ All declared Imports should be used. Flavors: r-devel-linux-x86_64-fedora-clang, r-devel-linux-x86_64-fedora-gcc