CRAN Package Check Results for Package medrxivr

Last updated on 2022-07-01 11:52:04 CEST.

Flavor Version Tinstall Tcheck Ttotal Status Flags
r-devel-linux-x86_64-debian-clang 0.0.5 6.15 91.31 97.46 NOTE
r-devel-linux-x86_64-debian-gcc 0.0.5 4.30 67.31 71.61 NOTE
r-devel-linux-x86_64-fedora-clang 0.0.5 126.13 NOTE
r-devel-linux-x86_64-fedora-gcc 0.0.5 118.16 NOTE
r-devel-windows-x86_64 0.0.5 27.00 144.00 171.00 NOTE
r-patched-linux-x86_64 0.0.5 6.05 85.87 91.92 NOTE
r-release-linux-x86_64 0.0.5 5.09 87.03 92.12 NOTE
r-release-macos-arm64 0.0.5 90.00 NOTE
r-release-macos-x86_64 0.0.5 88.00 NOTE
r-release-windows-x86_64 0.0.5 38.00 144.00 182.00 NOTE
r-oldrel-macos-arm64 0.0.5 90.00 NOTE
r-oldrel-macos-x86_64 0.0.5 95.00 NOTE
r-oldrel-windows-ix86+x86_64 0.0.5 15.00 126.00 141.00 NOTE

Check Details

Version: 0.0.5
Check: LazyData
Result: NOTE
     'LazyData' is specified without a 'data' directory
Flavors: r-devel-linux-x86_64-debian-clang, r-devel-linux-x86_64-debian-gcc, r-devel-linux-x86_64-fedora-clang, r-devel-linux-x86_64-fedora-gcc, r-devel-windows-x86_64, r-patched-linux-x86_64, r-release-linux-x86_64, r-release-macos-arm64, r-release-macos-x86_64, r-release-windows-x86_64, r-oldrel-macos-arm64, r-oldrel-macos-x86_64, r-oldrel-windows-ix86+x86_64

Version: 0.0.5
Check: dependencies in R code
Result: NOTE
    Namespace in Imports field not imported from: ‘vroom’
     All declared Imports should be used.
Flavors: r-devel-linux-x86_64-fedora-clang, r-devel-linux-x86_64-fedora-gcc, r-release-macos-arm64, r-release-macos-x86_64, r-oldrel-macos-arm64, r-oldrel-macos-x86_64