CRAN Package Check Results for Package medfate

Last updated on 2022-06-26 11:52:37 CEST.

Flavor Version Tinstall Tcheck Ttotal Status Flags
r-devel-linux-x86_64-debian-clang 2.7.3 402.65 414.93 817.58 NOTE
r-devel-linux-x86_64-debian-gcc 2.7.3 344.29 301.43 645.72 NOTE
r-devel-linux-x86_64-fedora-clang 2.7.3 1134.88 NOTE
r-devel-linux-x86_64-fedora-gcc 2.7.3 1036.46 NOTE
r-devel-windows-x86_64 2.7.3 296.00 445.00 741.00 NOTE
r-patched-linux-x86_64 2.7.3 334.76 395.09 729.85 OK
r-release-linux-x86_64 2.7.3 309.37 394.27 703.64 OK
r-release-macos-arm64 2.7.3 220.00 NOTE
r-release-macos-x86_64 2.7.3 359.00 NOTE
r-release-windows-x86_64 2.7.3 309.00 436.00 745.00 OK
r-oldrel-macos-arm64 2.7.3 176.00 NOTE
r-oldrel-macos-x86_64 2.7.3 330.00 NOTE
r-oldrel-windows-ix86+x86_64 2.7.3 887.00 645.00 1532.00 NOTE

Check Details

Version: 2.7.3
Check: Rd files
Result: NOTE
    checkRd: (-1) hydraulics_supplyfunctions.Rd:32: Escaped LaTeX specials: \&
    checkRd: (-1) hydraulics_supplyfunctions.Rd:218: Escaped LaTeX specials: \&
Flavors: r-devel-linux-x86_64-debian-clang, r-devel-linux-x86_64-debian-gcc, r-devel-linux-x86_64-fedora-clang, r-devel-linux-x86_64-fedora-gcc, r-devel-windows-x86_64

Version: 2.7.3
Check: installed package size
Result: NOTE
     installed size is 22.9Mb
     sub-directories of 1Mb or more:
     libs 21.7Mb
Flavors: r-devel-linux-x86_64-fedora-clang, r-release-macos-arm64, r-release-macos-x86_64, r-oldrel-macos-arm64, r-oldrel-macos-x86_64, r-oldrel-windows-ix86+x86_64