Last updated on 2024-04-17 10:41:42 CEST.
Flavor | Version | Tinstall | Tcheck | Ttotal | Status | Flags |
---|---|---|---|---|---|---|
r-devel-linux-x86_64-debian-clang | 0.4.1 | 6.88 | 225.76 | 232.64 | NOTE | |
r-devel-linux-x86_64-debian-gcc | 0.4.1 | 6.44 | 174.77 | 181.21 | NOTE | |
r-devel-linux-x86_64-fedora-clang | 0.4.1 | 284.66 | NOTE | |||
r-devel-linux-x86_64-fedora-gcc | 0.4.1 | 286.92 | NOTE | |||
r-prerel-macos-arm64 | 0.4.1 | 111.00 | NOTE | |||
r-prerel-windows-x86_64 | 0.4.1 | 7.00 | 250.00 | 257.00 | NOTE | |
r-patched-linux-x86_64 | 0.4.1 | 6.66 | 216.81 | 223.47 | NOTE | |
r-release-linux-x86_64 | 0.4.1 | 5.97 | 222.00 | 227.97 | OK | |
r-release-macos-arm64 | 0.4.1 | 129.00 | OK | |||
r-release-macos-x86_64 | 0.4.1 | 221.00 | OK | |||
r-release-windows-x86_64 | 0.4.1 | 10.00 | 277.00 | 287.00 | OK | |
r-oldrel-macos-arm64 | 0.4.1 | 99.00 | OK | |||
r-oldrel-windows-x86_64 | 0.4.1 | 9.00 | 262.00 | 271.00 | OK |
Version: 0.4.1
Check: Rd files
Result: NOTE
checkRd: (-1) strings-internal.Rd:14: Lost braces
14 | code{stringPlaceExact}: find location of string, using exact match
| ^
checkRd: (-1) strings-internal.Rd:17: Lost braces
17 | code{stringPlaceFuzzy}: find location of string, using partial match
| ^
checkRd: (-1) strings-internal.Rd:19: Lost braces
19 | code{stringPlace}: find location of string, generic
| ^
checkRd: (-1) strings-internal.Rd:21: Lost braces
21 | code{checkFuzzy}: check for "close" string matches
| ^
Flavors: r-devel-linux-x86_64-debian-clang, r-devel-linux-x86_64-debian-gcc, r-devel-linux-x86_64-fedora-clang, r-devel-linux-x86_64-fedora-gcc, r-prerel-macos-arm64, r-prerel-windows-x86_64, r-patched-linux-x86_64