Last updated on 2025-01-25 12:49:28 CET.
Flavor | Version | Tinstall | Tcheck | Ttotal | Status | Flags |
---|---|---|---|---|---|---|
r-devel-linux-x86_64-debian-clang | 0.3.0 | 23.42 | 157.47 | 180.89 | NOTE | |
r-devel-linux-x86_64-debian-gcc | 0.3.0 | 16.87 | 105.54 | 122.41 | NOTE | |
r-devel-linux-x86_64-fedora-clang | 0.3.0 | 292.14 | OK | |||
r-devel-linux-x86_64-fedora-gcc | 0.3.0 | 279.87 | OK | |||
r-devel-windows-x86_64 | 0.3.0 | 26.00 | 140.00 | 166.00 | NOTE | |
r-patched-linux-x86_64 | 0.3.0 | 28.39 | 141.18 | 169.57 | OK | |
r-release-linux-x86_64 | 0.3.0 | 23.55 | 140.40 | 163.95 | OK | |
r-release-macos-arm64 | 0.3.0 | 73.00 | OK | |||
r-release-macos-x86_64 | 0.3.0 | 107.00 | OK | |||
r-release-windows-x86_64 | 0.3.0 | 23.00 | 139.00 | 162.00 | OK | |
r-oldrel-macos-arm64 | 0.3.0 | 96.00 | OK | |||
r-oldrel-macos-x86_64 | 0.3.0 | 144.00 | OK | |||
r-oldrel-windows-x86_64 | 0.3.0 | 31.00 | 176.00 | 207.00 | OK |
Version: 0.3.0
Check: Rd cross-references
Result: NOTE
Found the following Rd file(s) with Rd \link{} targets missing package
anchors:
betaturn.Rd: microtable, trans_beta
taxaturn.Rd: microtable
Please provide package anchors for all Rd \link{} targets not in the
package itself and the base packages.
Flavors: r-devel-linux-x86_64-debian-clang, r-devel-linux-x86_64-debian-gcc, r-devel-windows-x86_64