Last updated on 2023-02-07 11:52:13 CET.
Flavor | Version | Tinstall | Tcheck | Ttotal | Status | Flags |
---|---|---|---|---|---|---|
r-devel-linux-x86_64-debian-clang | 0.0.2 | 2.84 | 36.62 | 39.46 | NOTE | |
r-devel-linux-x86_64-debian-gcc | 0.0.2 | 2.24 | 28.22 | 30.46 | NOTE | |
r-devel-linux-x86_64-fedora-clang | 0.0.2 | 52.18 | NOTE | |||
r-devel-linux-x86_64-fedora-gcc | 0.0.2 | 58.63 | NOTE | |||
r-devel-windows-x86_64 | 0.0.2 | 17.00 | 69.00 | 86.00 | NOTE | |
r-patched-linux-x86_64 | 0.0.2 | 2.99 | 36.46 | 39.45 | NOTE | |
r-release-linux-x86_64 | 0.0.2 | 3.03 | 35.40 | 38.43 | NOTE | |
r-release-macos-arm64 | 0.0.2 | 21.00 | NOTE | |||
r-release-macos-x86_64 | 0.0.2 | 33.00 | NOTE | |||
r-release-windows-x86_64 | 0.0.2 | 15.00 | 76.00 | 91.00 | NOTE | |
r-oldrel-macos-arm64 | 0.0.2 | 24.00 | NOTE | |||
r-oldrel-macos-x86_64 | 0.0.2 | 32.00 | NOTE | |||
r-oldrel-windows-ix86+x86_64 | 0.0.2 | 11.00 | 67.00 | 78.00 | NOTE |
Version: 0.0.2
Check: LazyData
Result: NOTE
'LazyData' is specified without a 'data' directory
Flavors: r-devel-linux-x86_64-debian-clang, r-devel-linux-x86_64-debian-gcc, r-devel-linux-x86_64-fedora-clang, r-devel-linux-x86_64-fedora-gcc, r-devel-windows-x86_64, r-patched-linux-x86_64, r-release-linux-x86_64, r-release-macos-arm64, r-release-macos-x86_64, r-release-windows-x86_64, r-oldrel-macos-arm64, r-oldrel-macos-x86_64, r-oldrel-windows-ix86+x86_64
Version: 0.0.2
Check: dependencies in R code
Result: NOTE
Namespaces in Imports field not imported from:
‘FactoMineR’ ‘covr’ ‘curl’ ‘devtools’ ‘gh’ ‘git2r’ ‘grDevices’ ‘httr’
‘knitr’ ‘openssl’ ‘pkgbuild’ ‘rlang’ ‘rmarkdown’ ‘roxygen2’
‘spelling’ ‘testthat’ ‘utils’
All declared Imports should be used.
Flavors: r-devel-linux-x86_64-fedora-clang, r-devel-linux-x86_64-fedora-gcc, r-release-macos-arm64, r-release-macos-x86_64, r-oldrel-macos-arm64, r-oldrel-macos-x86_64