CRAN Package Check Results for Package mcmsupply

Last updated on 2024-02-24 11:49:31 CET.

Flavor Version Tinstall Tcheck Ttotal Status Flags
r-devel-linux-x86_64-debian-clang 0.2.2 10.44 120.33 130.77 OK
r-devel-linux-x86_64-debian-gcc 0.2.2 8.96 91.33 100.29 OK
r-devel-linux-x86_64-fedora-clang 0.2.2 158.06 NOTE
r-devel-linux-x86_64-fedora-gcc 0.2.2 272.70 NOTE
r-devel-windows-x86_64 0.2.2 11.00 107.00 118.00 OK
r-patched-linux-x86_64 0.2.2 8.10 117.63 125.73 OK
r-release-linux-x86_64 0.2.2 6.86 116.65 123.51 OK
r-release-macos-arm64 0.2.2 93.00 OK
r-release-macos-x86_64 0.2.2 230.00 OK
r-release-windows-x86_64 0.2.2 15.00 133.00 148.00 OK
r-oldrel-macos-arm64 0.2.2 89.00 OK
r-oldrel-windows-x86_64 0.2.2 15.00 138.00 153.00 OK

Check Details

Version: 0.2.2
Check: data for non-ASCII characters
Result: NOTE Note: found 496 marked UTF-8 strings Flavors: r-devel-linux-x86_64-fedora-clang, r-devel-linux-x86_64-fedora-gcc