CRAN Package Check Results for Package mcmcse

Last updated on 2024-03-02 11:49:37 CET.

Flavor Version Tinstall Tcheck Ttotal Status Flags
r-devel-linux-x86_64-debian-clang 1.5-0 150.83 59.07 209.90 NOTE
r-devel-linux-x86_64-debian-gcc 1.5-0 118.05 44.82 162.87 NOTE
r-devel-linux-x86_64-fedora-clang 1.5-0 313.50 NOTE
r-devel-linux-x86_64-fedora-gcc 1.5-0 313.95 NOTE
r-devel-windows-x86_64 1.5-0 111.00 96.00 207.00 NOTE
r-patched-linux-x86_64 1.5-0 128.73 57.98 186.71 NOTE
r-release-linux-x86_64 1.5-0 149.99 57.98 207.97 NOTE
r-release-macos-arm64 1.5-0 76.00 NOTE
r-release-macos-x86_64 1.5-0 122.00 NOTE
r-release-windows-x86_64 1.5-0 146.00 108.00 254.00 NOTE
r-oldrel-macos-arm64 1.5-0 68.00 OK
r-oldrel-windows-x86_64 1.5-0 139.00 106.00 245.00 OK

Check Details

Version: 1.5-0
Check: C++ specification
Result: NOTE Specified C++11: please drop specification unless essential Flavors: r-devel-linux-x86_64-debian-clang, r-devel-linux-x86_64-debian-gcc, r-devel-linux-x86_64-fedora-clang, r-devel-linux-x86_64-fedora-gcc, r-devel-windows-x86_64, r-patched-linux-x86_64, r-release-linux-x86_64, r-release-macos-arm64, r-release-macos-x86_64, r-release-windows-x86_64

Version: 1.5-0
Check: Rd files
Result: NOTE checkRd: (-1) ess.Rd:14: Lost braces 14 | \code{g} should take a vector input only. Ifcode{g} is \code{NULL}, \code{g} is set to be identity, which is estimation | ^ Flavors: r-devel-linux-x86_64-debian-clang, r-devel-linux-x86_64-debian-gcc, r-devel-linux-x86_64-fedora-clang, r-devel-linux-x86_64-fedora-gcc