CRAN Package Check Results for Package mclustcomp

Last updated on 2023-02-02 11:54:07 CET.

Flavor Version Tinstall Tcheck Ttotal Status Flags
r-devel-linux-x86_64-debian-clang 0.3.3 35.50 31.52 67.02 NOTE
r-devel-linux-x86_64-debian-gcc 0.3.3 24.14 24.07 48.21 NOTE
r-devel-linux-x86_64-fedora-clang 0.3.3 89.41 NOTE
r-devel-linux-x86_64-fedora-gcc 0.3.3 82.67 NOTE
r-patched-linux-x86_64 0.3.3 29.42 30.03 59.45 OK
r-release-linux-x86_64 0.3.3 25.75 30.76 56.51 OK
r-release-macos-arm64 0.3.3 28.00 OK
r-release-macos-x86_64 0.3.3 41.00 OK
r-release-windows-x86_64 0.3.3 36.00 83.00 119.00 OK
r-oldrel-macos-arm64 0.3.3 34.00 OK
r-oldrel-macos-x86_64 0.3.3 36.00 OK
r-oldrel-windows-ix86+x86_64 0.3.3 79.00 246.00 325.00 OK

Check Details

Version: 0.3.3
Check: C++ specification
Result: NOTE
     Specified C++11: please update to current default of C++17
Flavors: r-devel-linux-x86_64-debian-clang, r-devel-linux-x86_64-debian-gcc, r-devel-linux-x86_64-fedora-clang, r-devel-linux-x86_64-fedora-gcc