Last updated on 2022-06-25 10:53:07 CEST.
Flavor | Version | Tinstall | Tcheck | Ttotal | Status | Flags |
---|---|---|---|---|---|---|
r-devel-linux-x86_64-debian-clang | 0.7.0 | 18.33 | 150.25 | 168.58 | NOTE | |
r-devel-linux-x86_64-debian-gcc | 0.7.0 | 13.74 | 113.22 | 126.96 | NOTE | |
r-devel-linux-x86_64-fedora-clang | 0.7.0 | 206.82 | NOTE | |||
r-devel-linux-x86_64-fedora-gcc | 0.7.0 | 206.15 | NOTE | |||
r-devel-windows-x86_64 | 0.7.0 | 24.00 | 166.00 | 190.00 | NOTE | |
r-patched-linux-x86_64 | 0.7.0 | 13.66 | 143.05 | 156.71 | NOTE | |
r-release-linux-x86_64 | 0.7.0 | 11.73 | 139.92 | 151.65 | NOTE | |
r-release-macos-arm64 | 0.7.0 | 52.00 | NOTE | |||
r-release-macos-x86_64 | 0.7.0 | 89.00 | NOTE | |||
r-release-windows-x86_64 | 0.7.0 | 27.00 | 159.00 | 186.00 | NOTE | |
r-oldrel-macos-arm64 | 0.7.0 | 60.00 | NOTE | |||
r-oldrel-macos-x86_64 | 0.7.0 | 92.00 | NOTE | |||
r-oldrel-windows-ix86+x86_64 | 0.7.0 | 42.00 | 162.00 | 204.00 | NOTE |
Version: 0.7.0
Check: LazyData
Result: NOTE
'LazyData' is specified without a 'data' directory
Flavors: r-devel-linux-x86_64-debian-clang, r-devel-linux-x86_64-debian-gcc, r-devel-linux-x86_64-fedora-clang, r-devel-linux-x86_64-fedora-gcc, r-devel-windows-x86_64, r-patched-linux-x86_64, r-release-linux-x86_64, r-release-macos-arm64, r-release-macos-x86_64, r-release-windows-x86_64, r-oldrel-macos-arm64, r-oldrel-macos-x86_64, r-oldrel-windows-ix86+x86_64