Last updated on 2024-04-23 10:54:08 CEST.
Flavor | Version | Tinstall | Tcheck | Ttotal | Status | Flags |
---|---|---|---|---|---|---|
r-devel-linux-x86_64-debian-clang | 0.7.0 | 20.60 | 143.10 | 163.70 | NOTE | |
r-devel-linux-x86_64-debian-gcc | 0.7.0 | 14.62 | 108.65 | 123.27 | NOTE | |
r-devel-linux-x86_64-fedora-clang | 0.7.0 | 202.16 | NOTE | |||
r-devel-linux-x86_64-fedora-gcc | 0.7.0 | 186.76 | NOTE | |||
r-prerel-macos-arm64 | 0.7.0 | 51.00 | NOTE | |||
r-prerel-windows-x86_64 | 0.7.0 | 16.00 | 115.00 | 131.00 | NOTE | |
r-patched-linux-x86_64 | 0.7.0 | 12.03 | 138.46 | 150.49 | NOTE | |
r-release-linux-x86_64 | 0.7.0 | 11.13 | 138.24 | 149.37 | NOTE | |
r-release-macos-arm64 | 0.7.0 | 53.00 | NOTE | |||
r-release-macos-x86_64 | 0.7.0 | 93.00 | NOTE | |||
r-release-windows-x86_64 | 0.7.0 | 20.00 | 142.00 | 162.00 | NOTE | |
r-oldrel-macos-arm64 | 0.7.0 | 52.00 | NOTE | |||
r-oldrel-windows-x86_64 | 0.7.0 | 20.00 | 146.00 | 166.00 | NOTE |
Version: 0.7.0
Check: LazyData
Result: NOTE
'LazyData' is specified without a 'data' directory
Flavors: r-devel-linux-x86_64-debian-clang, r-devel-linux-x86_64-debian-gcc, r-devel-linux-x86_64-fedora-clang, r-devel-linux-x86_64-fedora-gcc, r-prerel-macos-arm64, r-prerel-windows-x86_64, r-patched-linux-x86_64, r-release-linux-x86_64, r-release-macos-arm64, r-release-macos-x86_64, r-release-windows-x86_64, r-oldrel-macos-arm64, r-oldrel-windows-x86_64