Last updated on 2022-06-30 11:53:12 CEST.
Flavor | Version | Tinstall | Tcheck | Ttotal | Status | Flags |
---|---|---|---|---|---|---|
r-devel-linux-x86_64-debian-clang | 0.1.15 | 12.11 | 148.17 | 160.28 | OK | |
r-devel-linux-x86_64-debian-gcc | 0.1.15 | 9.86 | 108.68 | 118.54 | OK | |
r-devel-linux-x86_64-fedora-clang | 0.1.15 | 195.24 | NOTE | |||
r-devel-linux-x86_64-fedora-gcc | 0.1.15 | 192.61 | NOTE | |||
r-devel-windows-x86_64 | 0.1.15 | 15.00 | 156.00 | 171.00 | OK | |
r-patched-linux-x86_64 | 0.1.15 | 11.39 | 140.35 | 151.74 | OK | |
r-release-linux-x86_64 | 0.1.15 | 11.76 | 138.59 | 150.35 | OK | |
r-release-macos-arm64 | 0.1.15 | 50.00 | NOTE | |||
r-release-macos-x86_64 | 0.1.15 | 94.00 | NOTE | |||
r-release-windows-x86_64 | 0.1.15 | 16.00 | 159.00 | 175.00 | OK | |
r-oldrel-macos-arm64 | 0.1.15 | 59.00 | NOTE | |||
r-oldrel-macos-x86_64 | 0.1.15 | 76.00 | NOTE | |||
r-oldrel-windows-ix86+x86_64 | 0.1.15 | 27.00 | 157.00 | 184.00 | OK |
Version: 0.1.15
Check: dependencies in R code
Result: NOTE
Namespaces in Imports field not imported from:
‘MASS’ ‘lars’ ‘methods’ ‘parallel’ ‘smoothmest’
All declared Imports should be used.
Flavors: r-devel-linux-x86_64-fedora-clang, r-devel-linux-x86_64-fedora-gcc, r-release-macos-arm64, r-release-macos-x86_64, r-oldrel-macos-arm64, r-oldrel-macos-x86_64