Last updated on 2024-04-17 10:41:41 CEST.
Flavor | Version | Tinstall | Tcheck | Ttotal | Status | Flags |
---|---|---|---|---|---|---|
r-devel-linux-x86_64-debian-clang | 0.1.2 | 6.71 | 70.78 | 77.49 | NOTE | |
r-devel-linux-x86_64-debian-gcc | 0.1.2 | 4.32 | 51.67 | 55.99 | NOTE | |
r-devel-linux-x86_64-fedora-clang | 0.1.2 | 93.23 | NOTE | |||
r-devel-linux-x86_64-fedora-gcc | 0.1.2 | 87.90 | NOTE | |||
r-prerel-macos-arm64 | 0.1.2 | 31.00 | NOTE | |||
r-prerel-windows-x86_64 | 0.1.2 | 7.00 | 73.00 | 80.00 | NOTE | |
r-patched-linux-x86_64 | 0.1.2 | 6.85 | 64.84 | 71.69 | NOTE | |
r-release-linux-x86_64 | 0.1.2 | 4.11 | 65.95 | 70.06 | NOTE | |
r-release-macos-arm64 | 0.1.2 | 33.00 | NOTE | |||
r-release-macos-x86_64 | 0.1.2 | 48.00 | NOTE | |||
r-release-windows-x86_64 | 0.1.2 | 9.00 | 84.00 | 93.00 | NOTE | |
r-oldrel-macos-arm64 | 0.1.2 | 32.00 | NOTE | |||
r-oldrel-windows-x86_64 | 0.1.2 | 10.00 | 87.00 | 97.00 | NOTE |
Version: 0.1.2
Check: LazyData
Result: NOTE
'LazyData' is specified without a 'data' directory
Flavors: r-devel-linux-x86_64-debian-clang, r-devel-linux-x86_64-debian-gcc, r-devel-linux-x86_64-fedora-clang, r-devel-linux-x86_64-fedora-gcc, r-prerel-macos-arm64, r-prerel-windows-x86_64, r-patched-linux-x86_64, r-release-linux-x86_64, r-release-macos-arm64, r-release-macos-x86_64, r-release-windows-x86_64, r-oldrel-macos-arm64, r-oldrel-windows-x86_64