CRAN Package Check Results for Package mbrglm

Last updated on 2022-10-03 10:50:31 CEST.

Flavor Version Tinstall Tcheck Ttotal Status Flags
r-devel-linux-x86_64-debian-clang 0.0.1 3.06 26.95 30.01 OK
r-devel-linux-x86_64-debian-gcc 0.0.1 2.50 20.30 22.80 OK
r-devel-linux-x86_64-fedora-clang 0.0.1 48.23 NOTE
r-devel-linux-x86_64-fedora-gcc 0.0.1 45.28 NOTE
r-devel-windows-x86_64 0.0.1 11.00 57.00 68.00 OK
r-patched-linux-x86_64 0.0.1 2.74 24.95 27.69 OK
r-release-linux-x86_64 0.0.1 2.44 25.16 27.60 OK
r-release-macos-arm64 0.0.1 15.00 OK
r-release-macos-x86_64 0.0.1 23.00 OK
r-release-windows-x86_64 0.0.1 12.00 58.00 70.00 OK
r-oldrel-macos-arm64 0.0.1 19.00 OK
r-oldrel-macos-x86_64 0.0.1 29.00 OK
r-oldrel-windows-ix86+x86_64 0.0.1 10.00 56.00 66.00 OK

Check Details

Version: 0.0.1
Check: compiled code
Result: NOTE
    File ‘mbrglm/libs/mbrglm.so’:
     Found no calls to: ‘R_registerRoutines’, ‘R_useDynamicSymbols’
    
    It is good practice to register native routines and to disable symbol
    search.
    
    See ‘Writing portable packages’ in the ‘Writing R Extensions’ manual.
Flavors: r-devel-linux-x86_64-fedora-clang, r-devel-linux-x86_64-fedora-gcc