CRAN Package Check Results for Package mbrdr

Last updated on 2025-02-21 10:51:47 CET.

Flavor Version Tinstall Tcheck Ttotal Status Flags
r-devel-linux-x86_64-debian-clang 1.1.1 2.04 20.05 22.09 NOTE
r-devel-linux-x86_64-debian-gcc 1.1.1 1.56 15.70 17.26 NOTE
r-devel-linux-x86_64-fedora-clang 1.1.1 35.45 NOTE
r-devel-linux-x86_64-fedora-gcc 1.1.1 35.42 NOTE
r-devel-macos-arm64 1.1.1 15.00 NOTE
r-devel-macos-x86_64 1.1.1 24.00 NOTE
r-devel-windows-x86_64 1.1.1 3.00 47.00 50.00 NOTE
r-patched-linux-x86_64 1.1.1 1.85 19.19 21.04 NOTE
r-release-linux-x86_64 1.1.1 1.71 19.20 20.91 NOTE
r-release-macos-arm64 1.1.1 14.00 NOTE
r-release-macos-x86_64 1.1.1 22.00 NOTE
r-release-windows-x86_64 1.1.1 3.00 41.00 44.00 NOTE
r-oldrel-macos-arm64 1.1.1 17.00 OK
r-oldrel-macos-x86_64 1.1.1 21.00 OK
r-oldrel-windows-x86_64 1.1.1 5.00 42.00 47.00 OK

Check Details

Version: 1.1.1
Check: Rd files
Result: NOTE checkRd: (-1) SIGMAS.Rd:17: Lost braces; missing escapes or markup? 17 | Sigmahat = (Y^{T} Y)/n; | ^ checkRd: (-1) SIGMAS.Rd:18: Lost braces; missing escapes or markup? 18 | Sigmahat_fit = (Y^{T} P_fx Y)/n; | ^ checkRd: (-1) matpower.Rd:17: Lost braces; missing escapes or markup? 17 | The function computes M^{power} for a symmetric matrix M. } | ^ Flavors: r-devel-linux-x86_64-debian-clang, r-devel-linux-x86_64-debian-gcc, r-devel-linux-x86_64-fedora-clang, r-devel-linux-x86_64-fedora-gcc, r-devel-macos-arm64, r-devel-macos-x86_64, r-devel-windows-x86_64, r-patched-linux-x86_64, r-release-linux-x86_64, r-release-macos-arm64, r-release-macos-x86_64, r-release-windows-x86_64