CRAN Package Check Results for Package mboxr

Last updated on 2022-06-25 10:53:07 CEST.

Flavor Version Tinstall Tcheck Ttotal Status Flags
r-devel-linux-x86_64-debian-clang 0.2.0 1.78 28.79 30.57 NOTE
r-devel-linux-x86_64-debian-gcc 0.2.0 1.83 23.24 25.07 NOTE
r-devel-linux-x86_64-fedora-clang 0.2.0 50.37 NOTE
r-devel-linux-x86_64-fedora-gcc 0.2.0 47.84 NOTE
r-devel-windows-x86_64 0.2.0 13.00 59.00 72.00 NOTE
r-patched-linux-x86_64 0.2.0 1.73 28.57 30.30 NOTE
r-release-linux-x86_64 0.2.0 2.06 28.86 30.92 NOTE
r-release-macos-arm64 0.2.0 18.00 NOTE
r-release-macos-x86_64 0.2.0 32.00 NOTE
r-release-windows-x86_64 0.2.0 12.00 57.00 69.00 NOTE
r-oldrel-macos-arm64 0.2.0 21.00 NOTE
r-oldrel-macos-x86_64 0.2.0 27.00 NOTE
r-oldrel-windows-ix86+x86_64 0.2.0 7.00 48.00 55.00 NOTE

Check Details

Version: 0.2.0
Check: LazyData
Result: NOTE
     'LazyData' is specified without a 'data' directory
Flavors: r-devel-linux-x86_64-debian-clang, r-devel-linux-x86_64-debian-gcc, r-devel-linux-x86_64-fedora-clang, r-devel-linux-x86_64-fedora-gcc, r-devel-windows-x86_64, r-patched-linux-x86_64, r-release-linux-x86_64, r-release-macos-arm64, r-release-macos-x86_64, r-release-windows-x86_64, r-oldrel-macos-arm64, r-oldrel-macos-x86_64, r-oldrel-windows-ix86+x86_64