Last updated on 2022-06-26 11:52:36 CEST.
Flavor | Version | Tinstall | Tcheck | Ttotal | Status | Flags |
---|---|---|---|---|---|---|
r-devel-linux-x86_64-debian-clang | 0.0.2 | 2.76 | 27.75 | 30.51 | OK | --no-vignettes |
r-devel-linux-x86_64-debian-gcc | 0.0.2 | 2.04 | 21.31 | 23.35 | OK | --no-vignettes |
r-devel-linux-x86_64-fedora-clang | 0.0.2 | 1015.18 | OK | |||
r-devel-linux-x86_64-fedora-gcc | 0.0.2 | 1045.23 | OK | |||
r-devel-windows-x86_64 | 0.0.2 | 14.00 | 817.00 | 831.00 | NOTE | |
r-patched-linux-x86_64 | 0.0.2 | 2.19 | 26.32 | 28.51 | OK | --no-vignettes |
r-release-linux-x86_64 | 0.0.2 | 2.67 | 26.19 | 28.86 | OK | --no-vignettes |
r-release-macos-arm64 | 0.0.2 | 174.00 | OK | |||
r-release-macos-x86_64 | 0.0.2 | 288.00 | OK | |||
r-release-windows-x86_64 | 0.0.2 | 18.00 | 791.00 | 809.00 | NOTE | |
r-oldrel-macos-arm64 | 0.0.2 | 172.00 | OK | |||
r-oldrel-macos-x86_64 | 0.0.2 | 239.00 | OK | |||
r-oldrel-windows-ix86+x86_64 | 0.0.2 | 6.00 | 1017.00 | 1023.00 | NOTE |
Version: 0.0.2
Check: package dependencies
Result: NOTE
Package suggested but not available for checking: 'doMC'
Flavors: r-devel-windows-x86_64, r-release-windows-x86_64, r-oldrel-windows-ix86+x86_64