Last updated on 2024-04-18 12:52:50 CEST.
Flavor | Version | Tinstall | Tcheck | Ttotal | Status | Flags |
---|---|---|---|---|---|---|
r-devel-linux-x86_64-debian-clang | 0.0.2 | 2.62 | 29.86 | 32.48 | NOTE | --no-vignettes |
r-devel-linux-x86_64-debian-gcc | 0.0.2 | 2.04 | 23.32 | 25.36 | NOTE | --no-vignettes |
r-devel-linux-x86_64-fedora-clang | 0.0.2 | 1083.35 | NOTE | |||
r-devel-linux-x86_64-fedora-gcc | 0.0.2 | 1089.47 | NOTE | |||
r-prerel-macos-arm64 | 0.0.2 | 220.00 | NOTE | |||
r-prerel-windows-x86_64 | 0.0.2 | 3.00 | 522.00 | 525.00 | NOTE | |
r-patched-linux-x86_64 | 0.0.2 | 2.98 | 29.43 | 32.41 | NOTE | --no-vignettes |
r-release-linux-x86_64 | 0.0.2 | 2.61 | 26.81 | 29.42 | OK | --no-vignettes |
r-release-macos-arm64 | 0.0.2 | 229.00 | OK | |||
r-release-macos-x86_64 | 0.0.2 | 463.00 | OK | |||
r-release-windows-x86_64 | 0.0.2 | 4.00 | 717.00 | 721.00 | NOTE | |
r-oldrel-macos-arm64 | 0.0.2 | 206.00 | OK | |||
r-oldrel-windows-x86_64 | 0.0.2 | 4.00 | 690.00 | 694.00 | NOTE |
Version: 0.0.2
Flags: --no-vignettes
Check: Rd files
Result: NOTE
checkRd: (-1) calc_p.Rd:12: Lost braces; missing escapes or markup?
12 | \item{estimator}{string indicating how the parameters $p_{11}$, $p_{01}$,
| ^
checkRd: (-1) calc_p.Rd:12: Lost braces; missing escapes or markup?
12 | \item{estimator}{string indicating how the parameters $p_{11}$, $p_{01}$,
| ^
checkRd: (-1) calc_p.Rd:13: Lost braces; missing escapes or markup?
13 | $p_{10}$, $p_{00}$ are to be estimated. The default is 'values', which
| ^
checkRd: (-1) calc_p.Rd:13: Lost braces; missing escapes or markup?
13 | $p_{10}$, $p_{00}$ are to be estimated. The default is 'values', which
| ^
checkRd: (-1) no_null.Rd:15: Lost braces; missing escapes or markup?
15 | \item{estimator}{string indicating how the parameters $p_{11}$, $p_{01}$,
| ^
checkRd: (-1) no_null.Rd:15: Lost braces; missing escapes or markup?
15 | \item{estimator}{string indicating how the parameters $p_{11}$, $p_{01}$,
| ^
checkRd: (-1) no_null.Rd:16: Lost braces; missing escapes or markup?
16 | $p_{10}$, $p_{00}$ are to be estimated. The default is 'values', which
| ^
checkRd: (-1) no_null.Rd:16: Lost braces; missing escapes or markup?
16 | $p_{10}$, $p_{00}$ are to be estimated. The default is 'values', which
| ^
checkRd: (-1) tau_p.Rd:13: Lost braces; missing escapes or markup?
13 | \item{estimator}{string indicating how the parameters $p_{11}$, $p_{01}$,
| ^
checkRd: (-1) tau_p.Rd:13: Lost braces; missing escapes or markup?
13 | \item{estimator}{string indicating how the parameters $p_{11}$, $p_{01}$,
| ^
checkRd: (-1) tau_p.Rd:14: Lost braces; missing escapes or markup?
14 | $p_{10}$ are to be estimated. The default is 'values', which indicates that
| ^
Flavors: r-devel-linux-x86_64-debian-clang, r-devel-linux-x86_64-debian-gcc, r-patched-linux-x86_64
Version: 0.0.2
Check: Rd files
Result: NOTE
checkRd: (-1) calc_p.Rd:12: Lost braces; missing escapes or markup?
12 | \item{estimator}{string indicating how the parameters $p_{11}$, $p_{01}$,
| ^
checkRd: (-1) calc_p.Rd:12: Lost braces; missing escapes or markup?
12 | \item{estimator}{string indicating how the parameters $p_{11}$, $p_{01}$,
| ^
checkRd: (-1) calc_p.Rd:13: Lost braces; missing escapes or markup?
13 | $p_{10}$, $p_{00}$ are to be estimated. The default is 'values', which
| ^
checkRd: (-1) calc_p.Rd:13: Lost braces; missing escapes or markup?
13 | $p_{10}$, $p_{00}$ are to be estimated. The default is 'values', which
| ^
checkRd: (-1) no_null.Rd:15: Lost braces; missing escapes or markup?
15 | \item{estimator}{string indicating how the parameters $p_{11}$, $p_{01}$,
| ^
checkRd: (-1) no_null.Rd:15: Lost braces; missing escapes or markup?
15 | \item{estimator}{string indicating how the parameters $p_{11}$, $p_{01}$,
| ^
checkRd: (-1) no_null.Rd:16: Lost braces; missing escapes or markup?
16 | $p_{10}$, $p_{00}$ are to be estimated. The default is 'values', which
| ^
checkRd: (-1) no_null.Rd:16: Lost braces; missing escapes or markup?
16 | $p_{10}$, $p_{00}$ are to be estimated. The default is 'values', which
| ^
checkRd: (-1) tau_p.Rd:13: Lost braces; missing escapes or markup?
13 | \item{estimator}{string indicating how the parameters $p_{11}$, $p_{01}$,
| ^
checkRd: (-1) tau_p.Rd:13: Lost braces; missing escapes or markup?
13 | \item{estimator}{string indicating how the parameters $p_{11}$, $p_{01}$,
| ^
checkRd: (-1) tau_p.Rd:14: Lost braces; missing escapes or markup?
14 | $p_{10}$ are to be estimated. The default is 'values', which indicates that
| ^
Flavors: r-devel-linux-x86_64-fedora-clang, r-devel-linux-x86_64-fedora-gcc, r-prerel-macos-arm64, r-prerel-windows-x86_64
Version: 0.0.2
Check: package dependencies
Result: NOTE
Package suggested but not available for checking: 'doMC'
Flavors: r-prerel-windows-x86_64, r-release-windows-x86_64, r-oldrel-windows-x86_64