Last updated on 2022-07-03 11:53:42 CEST.
Flavor | Version | Tinstall | Tcheck | Ttotal | Status | Flags |
---|---|---|---|---|---|---|
r-devel-linux-x86_64-debian-clang | 2.5.1 | 3.13 | 27.99 | 31.12 | OK | |
r-devel-linux-x86_64-debian-gcc | 2.5.1 | 2.35 | 21.53 | 23.88 | OK | |
r-devel-linux-x86_64-fedora-clang | 2.5.1 | 47.64 | NOTE | |||
r-devel-linux-x86_64-fedora-gcc | 2.5.1 | 46.71 | OK | |||
r-devel-windows-x86_64 | 2.5.1 | 14.00 | 58.00 | 72.00 | OK | |
r-patched-linux-x86_64 | 2.5.1 | 2.80 | 27.01 | 29.81 | OK | |
r-release-linux-x86_64 | 2.5.1 | 2.88 | 26.99 | 29.87 | OK | |
r-release-macos-arm64 | 2.5.1 | 20.00 | OK | |||
r-release-macos-x86_64 | 2.5.1 | 30.00 | OK | |||
r-release-windows-x86_64 | 2.5.1 | 17.00 | 57.00 | 74.00 | OK | |
r-oldrel-macos-arm64 | 2.5.1 | 23.00 | OK | |||
r-oldrel-macos-x86_64 | 2.5.1 | 24.00 | OK | |||
r-oldrel-windows-ix86+x86_64 | 2.5.1 | 11.00 | 50.00 | 61.00 | OK |
Version: 2.5.1
Check: Rd cross-references
Result: NOTE
Undeclared package ‘tracerer’ in Rd xrefs
Flavor: r-devel-linux-x86_64-fedora-clang