Last updated on 2024-04-23 10:54:08 CEST.
Flavor | Version | Tinstall | Tcheck | Ttotal | Status | Flags |
---|---|---|---|---|---|---|
r-devel-linux-x86_64-debian-clang | 0.1.2 | 5.80 | 73.53 | 79.33 | NOTE | |
r-devel-linux-x86_64-debian-gcc | 0.1.2 | 4.60 | 55.61 | 60.21 | NOTE | |
r-devel-linux-x86_64-fedora-clang | 0.1.2 | 103.80 | NOTE | |||
r-devel-linux-x86_64-fedora-gcc | 0.1.2 | 110.15 | NOTE | |||
r-prerel-macos-arm64 | 0.1.2 | 38.00 | OK | |||
r-prerel-windows-x86_64 | 0.1.2 | 7.00 | 75.00 | 82.00 | OK | |
r-patched-linux-x86_64 | 0.1.2 | 7.72 | 70.32 | 78.04 | NOTE | |
r-release-linux-x86_64 | 0.1.2 | 7.76 | 67.31 | 75.07 | NOTE | |
r-release-macos-arm64 | 0.1.2 | 40.00 | OK | |||
r-release-macos-x86_64 | 0.1.2 | 54.00 | OK | |||
r-release-windows-x86_64 | 0.1.2 | 9.00 | 85.00 | 94.00 | OK | |
r-oldrel-macos-arm64 | 0.1.2 | 34.00 | OK | |||
r-oldrel-windows-x86_64 | 0.1.2 | 10.00 | 95.00 | 105.00 | OK |
Version: 0.1.2
Check: for non-standard things in the check directory
Result: NOTE
Found the following files/directories:
‘utilities.R’
Flavors: r-devel-linux-x86_64-debian-clang, r-devel-linux-x86_64-debian-gcc, r-devel-linux-x86_64-fedora-clang, r-devel-linux-x86_64-fedora-gcc, r-patched-linux-x86_64, r-release-linux-x86_64