CRAN Package Check Results for Package matrixset

Last updated on 2024-07-25 11:47:08 CEST.

Flavor Version Tinstall Tcheck Ttotal Status Flags
r-devel-linux-x86_64-debian-clang 0.3.0 16.60 211.91 228.51 OK
r-devel-linux-x86_64-debian-gcc 0.3.0 15.80 156.53 172.33 NOTE
r-devel-linux-x86_64-fedora-clang 0.3.0 317.62 OK
r-devel-linux-x86_64-fedora-gcc 0.3.0 309.29 OK
r-devel-windows-x86_64 0.3.0 23.00 176.00 199.00 NOTE
r-patched-linux-x86_64 0.3.0 OK
r-release-linux-x86_64 0.3.0 12.40 204.83 217.23 OK
r-release-macos-arm64 0.3.0 78.00 OK
r-release-macos-x86_64 0.3.0 124.00 OK
r-release-windows-x86_64 0.3.0 24.00 168.00 192.00 OK
r-oldrel-macos-arm64 0.3.0 85.00 OK
r-oldrel-macos-x86_64 0.3.0 197.00 OK
r-oldrel-windows-x86_64 0.3.0 24.00 222.00 246.00 OK

Check Details

Version: 0.3.0
Check: Rd cross-references
Result: NOTE Found the following Rd file(s) with Rd \link{} targets missing package anchors: loop.Rd: tibble Please provide package anchors for all Rd \link{} targets not in the package itself and the base packages. Flavors: r-devel-linux-x86_64-debian-gcc, r-devel-windows-x86_64