CRAN Package Check Results for Package matricks

Last updated on 2022-06-30 11:53:12 CEST.

Flavor Version Tinstall Tcheck Ttotal Status Flags
r-devel-linux-x86_64-debian-clang 0.8.2 21.69 67.66 89.35 NOTE
r-devel-linux-x86_64-debian-gcc 0.8.2 16.39 50.68 67.07 NOTE
r-devel-linux-x86_64-fedora-clang 0.8.2 126.16 NOTE
r-devel-linux-x86_64-fedora-gcc 0.8.2 117.22 NOTE
r-devel-windows-x86_64 0.8.2 39.00 122.00 161.00 NOTE
r-patched-linux-x86_64 0.8.2 19.39 63.38 82.77 NOTE
r-release-linux-x86_64 0.8.2 16.17 63.51 79.68 NOTE
r-release-macos-arm64 0.8.2 35.00 NOTE
r-release-macos-x86_64 0.8.2 62.00 NOTE
r-release-windows-x86_64 0.8.2 34.00 120.00 154.00 NOTE
r-oldrel-macos-arm64 0.8.2 45.00 NOTE
r-oldrel-macos-x86_64 0.8.2 54.00 NOTE
r-oldrel-windows-ix86+x86_64 0.8.2 58.00 127.00 185.00 NOTE

Check Details

Version: 0.8.2
Check: LazyData
Result: NOTE
     'LazyData' is specified without a 'data' directory
Flavors: r-devel-linux-x86_64-debian-clang, r-devel-linux-x86_64-debian-gcc, r-devel-linux-x86_64-fedora-clang, r-devel-linux-x86_64-fedora-gcc, r-devel-windows-x86_64, r-patched-linux-x86_64, r-release-linux-x86_64, r-release-macos-arm64, r-release-macos-x86_64, r-release-windows-x86_64, r-oldrel-macos-arm64, r-oldrel-macos-x86_64, r-oldrel-windows-ix86+x86_64