CRAN Package Check Results for Package matlib

Last updated on 2022-07-01 11:52:04 CEST.

Flavor Version Tinstall Tcheck Ttotal Status Flags
r-devel-linux-x86_64-debian-clang 0.9.5 9.29 76.11 85.40 OK
r-devel-linux-x86_64-debian-gcc 0.9.5 6.62 59.81 66.43 OK
r-devel-linux-x86_64-fedora-clang 0.9.5 111.42 OK
r-devel-linux-x86_64-fedora-gcc 0.9.5 110.22 OK
r-devel-windows-x86_64 0.9.5 41.00 129.00 170.00 OK
r-patched-linux-x86_64 0.9.5 9.16 75.25 84.41 OK
r-release-linux-x86_64 0.9.5 8.07 75.27 83.34 OK
r-release-macos-arm64 0.9.5 43.00 NOTE
r-release-macos-x86_64 0.9.5 63.00 NOTE
r-release-windows-x86_64 0.9.5 12.00 131.00 143.00 OK
r-oldrel-macos-arm64 0.9.5 51.00 NOTE
r-oldrel-macos-x86_64 0.9.5 69.00 NOTE
r-oldrel-windows-ix86+x86_64 0.9.5 16.00 113.00 129.00 OK

Check Details

Version: 0.9.5
Check: package dependencies
Result: NOTE
    Package suggested but not available for checking: ‘webshot2’
Flavors: r-release-macos-arm64, r-release-macos-x86_64, r-oldrel-macos-arm64, r-oldrel-macos-x86_64