Last updated on 2023-03-31 12:54:16 CEST.
Flavor | Version | Tinstall | Tcheck | Ttotal | Status | Flags |
---|---|---|---|---|---|---|
r-devel-linux-x86_64-debian-clang | 0.1 | 97.90 | 48.68 | 146.58 | OK | |
r-devel-linux-x86_64-debian-gcc | 0.1 | 85.47 | 41.84 | 127.31 | OK | |
r-devel-linux-x86_64-fedora-clang | 0.1 | 173.61 | OK | |||
r-devel-linux-x86_64-fedora-gcc | 0.1 | 216.02 | OK | |||
r-devel-windows-x86_64 | 0.1 | 69.00 | 0.00 | 69.00 | ERROR | |
r-patched-linux-x86_64 | 0.1 | 85.22 | 53.53 | 138.75 | OK | |
r-release-linux-x86_64 | 0.1 | 85.41 | 52.61 | 138.02 | OK | |
r-release-macos-arm64 | 0.1 | 64.00 | NOTE | |||
r-release-macos-x86_64 | 0.1 | 72.00 | NOTE | |||
r-release-windows-x86_64 | 0.1 | 64.00 | 110.00 | 174.00 | OK | |
r-oldrel-macos-arm64 | 0.1 | 63.00 | NOTE | |||
r-oldrel-macos-x86_64 | 0.1 | 72.00 | NOTE | |||
r-oldrel-windows-ix86+x86_64 | 0.1 | 196.00 | 129.00 | 325.00 | OK |
Version: 0.1
Check: examples
Result: ERROR
Running examples in 'mas-Ex.R' failed
The error most likely occurred in:
> ### Name: soy
> ### Title: Soybean dataset
> ### Aliases: y Y Z pop map
>
> ### ** Examples
>
> data(soy)
Warning in readChar(con, 5L, useBytes = TRUE) :
lzma decoder needed more memory
Error in load(zfile, envir = tmp_env) : empty (zero-byte) input file
Calls: data -> load
Execution halted
Flavor: r-devel-windows-x86_64
Version: 0.1
Check: PDF version of manual
Result: WARN
LaTeX errors when creating PDF version.
This typically indicates Rd problems.
Flavor: r-devel-windows-x86_64
Version: 0.1
Check: installed package size
Result: NOTE
installed size is 42.3Mb
sub-directories of 1Mb or more:
libs 42.1Mb
Flavors: r-release-macos-arm64, r-release-macos-x86_64, r-oldrel-macos-arm64, r-oldrel-macos-x86_64