CRAN Package Check Results for Package marqLevAlg

Last updated on 2022-06-25 10:53:07 CEST.

Flavor Version Tinstall Tcheck Ttotal Status Flags
r-devel-linux-x86_64-debian-clang 2.0.6 4.19 195.45 199.64 OK
r-devel-linux-x86_64-debian-gcc 2.0.6 2.95 133.67 136.62 OK
r-devel-linux-x86_64-fedora-clang 2.0.6 229.91 OK
r-devel-linux-x86_64-fedora-gcc 2.0.6 233.17 OK
r-devel-windows-x86_64 2.0.6 34.00 291.00 325.00 OK
r-patched-linux-x86_64 2.0.6 4.44 177.79 182.23 OK
r-release-linux-x86_64 2.0.6 4.26 181.52 185.78 OK
r-release-macos-arm64 2.0.6 78.00 WARN
r-release-macos-x86_64 2.0.6 103.00 WARN
r-release-windows-x86_64 2.0.6 32.00 289.00 321.00 OK
r-oldrel-macos-arm64 2.0.6 70.00 WARN
r-oldrel-macos-x86_64 2.0.6 82.00 OK
r-oldrel-windows-ix86+x86_64 2.0.6 14.00 249.00 263.00 OK

Check Details

Version: 2.0.6
Check: re-building of vignette outputs
Result: WARN
    Error(s) in re-building vignettes:
    --- re-building ‘mla.Rmd’ using rmarkdown
    starting worker pid=33215 on localhost:11233 at 07:59:16.013
    starting worker pid=33214 on localhost:11233 at 07:59:16.018
    Loading required package: marqLevAlg
    Loading required package: marqLevAlg
    loaded marqLevAlg and set parent environment
    loaded marqLevAlg and set parent environment
    loaded marqLevAlg and set parent environment
    loaded marqLevAlg and set parent environment
    loaded marqLevAlg and set parent environment
    loaded marqLevAlg and set parent environment
    loaded marqLevAlg and set parent environment
    loaded marqLevAlg and set parent environment
    loaded marqLevAlg and set parent environment
    loaded marqLevAlg and set parent environment
    loaded marqLevAlg and set parent environment
    loaded marqLevAlg and set parent environment
    loaded marqLevAlg and set parent environment
    loaded marqLevAlg and set parent environment
    loaded marqLevAlg and set parent environment
    loaded marqLevAlg and set parent environment
    loaded marqLevAlg and set parent environment
    loaded marqLevAlg and set parent environment
    loaded marqLevAlg and set parent environment
    loaded marqLevAlg and set parent environment
    loaded marqLevAlg and set parent environment
    loaded marqLevAlg and set parent environment
    loaded marqLevAlg and set parent environment
    loaded marqLevAlg and set parent environment
    loaded marqLevAlg and set parent environment
    loaded marqLevAlg and set parent environment
    loaded marqLevAlg and set parent environment
    loaded marqLevAlg and set parent environment
    loaded marqLevAlg and set parent environment
    loaded marqLevAlg and set parent environment
    loaded marqLevAlg and set parent environment
    loaded marqLevAlg and set parent environment
    loaded marqLevAlg and set parent environment
    loaded marqLevAlg and set parent environment
    loaded marqLevAlg and set parent environment
    loaded marqLevAlg and set parent environment
    loaded marqLevAlg and set parent environment
    loaded marqLevAlg and set parent environment
    loaded marqLevAlg and set parent environment
    loaded marqLevAlg and set parent environment
    loaded marqLevAlg and set parent environment
    loaded marqLevAlg and set parent environment
    loaded marqLevAlg and set parent environment
    loaded marqLevAlg and set parent environment
    loaded marqLevAlg and set parent environment
    loaded marqLevAlg and set parent environment
    loaded marqLevAlg and set parent environment
    loaded marqLevAlg and set parent environment
    loaded marqLevAlg and set parent environment
    loaded marqLevAlg and set parent environment
    loaded marqLevAlg and set parent environment
    loaded marqLevAlg and set parent environment
    loaded marqLevAlg and set parent environment
    loaded marqLevAlg and set parent environment
    loaded marqLevAlg and set parent environment
    loaded marqLevAlg and set parent environment
    loaded marqLevAlg and set parent environment
    loaded marqLevAlg and set parent environment
    loaded marqLevAlg and set parent environment
    loaded marqLevAlg and set parent environment
    loaded marqLevAlg and set parent environment
    loaded marqLevAlg and set parent environment
    loaded marqLevAlg and set parent environment
    loaded marqLevAlg and set parent environment
    loaded marqLevAlg and set parent environment
    loaded marqLevAlg and set parent environment
    loaded marqLevAlg and set parent environment
    loaded marqLevAlg and set parent environment
    loaded marqLevAlg and set parent environment
    loaded marqLevAlg and set parent environment
    loaded marqLevAlg and set parent environment
    loaded marqLevAlg and set parent environment
    loaded marqLevAlg and set parent environment
    loaded marqLevAlg and set parent environment
    loaded marqLevAlg and set parent environment
    loaded marqLevAlg and set parent environment
    ! LaTeX Error: File `orcidlink.sty' not found.
    
    ! Emergency stop.
    <read *>
    
    Error: processing vignette 'mla.Rmd' failed with diagnostics:
    LaTeX failed to compile /Volumes/Builds/packages/big-sur-arm64/results/4.2/marqLevAlg.Rcheck/vign_test/marqLevAlg/vignettes/mla.tex. See https://yihui.org/tinytex/r/#debugging for debugging tips. See mla.log for more info.
    --- failed re-building ‘mla.Rmd’
    
    SUMMARY: processing the following file failed:
     ‘mla.Rmd’
    
    Error: Vignette re-building failed.
    Execution halted
Flavor: r-release-macos-arm64

Version: 2.0.6
Check: re-building of vignette outputs
Result: WARN
    Error(s) in re-building vignettes:
    --- re-building ‘mla.Rmd’ using rmarkdown
    starting worker pid=21078 on localhost:11100 at 23:14:15.728
    starting worker pid=21079 on localhost:11100 at 23:14:15.737
    Loading required package: marqLevAlg
    Loading required package: marqLevAlg
    loaded marqLevAlg and set parent environment
    loaded marqLevAlg and set parent environment
    loaded marqLevAlg and set parent environment
    loaded marqLevAlg and set parent environment
    loaded marqLevAlg and set parent environment
    loaded marqLevAlg and set parent environment
    loaded marqLevAlg and set parent environment
    loaded marqLevAlg and set parent environment
    loaded marqLevAlg and set parent environment
    loaded marqLevAlg and set parent environment
    loaded marqLevAlg and set parent environment
    loaded marqLevAlg and set parent environment
    loaded marqLevAlg and set parent environment
    loaded marqLevAlg and set parent environment
    loaded marqLevAlg and set parent environment
    loaded marqLevAlg and set parent environment
    loaded marqLevAlg and set parent environment
    loaded marqLevAlg and set parent environment
    loaded marqLevAlg and set parent environment
    loaded marqLevAlg and set parent environment
    loaded marqLevAlg and set parent environment
    loaded marqLevAlg and set parent environment
    loaded marqLevAlg and set parent environment
    loaded marqLevAlg and set parent environment
    loaded marqLevAlg and set parent environment
    loaded marqLevAlg and set parent environment
    loaded marqLevAlg and set parent environment
    loaded marqLevAlg and set parent environment
    loaded marqLevAlg and set parent environment
    loaded marqLevAlg and set parent environment
    loaded marqLevAlg and set parent environment
    loaded marqLevAlg and set parent environment
    loaded marqLevAlg and set parent environment
    loaded marqLevAlg and set parent environment
    loaded marqLevAlg and set parent environment
    loaded marqLevAlg and set parent environment
    loaded marqLevAlg and set parent environment
    loaded marqLevAlg and set parent environment
    loaded marqLevAlg and set parent environment
    loaded marqLevAlg and set parent environment
    loaded marqLevAlg and set parent environment
    loaded marqLevAlg and set parent environment
    loaded marqLevAlg and set parent environment
    loaded marqLevAlg and set parent environment
    loaded marqLevAlg and set parent environment
    loaded marqLevAlg and set parent environment
    loaded marqLevAlg and set parent environment
    loaded marqLevAlg and set parent environment
    loaded marqLevAlg and set parent environment
    loaded marqLevAlg and set parent environment
    loaded marqLevAlg and set parent environment
    loaded marqLevAlg and set parent environment
    loaded marqLevAlg and set parent environment
    loaded marqLevAlg and set parent environment
    loaded marqLevAlg and set parent environment
    loaded marqLevAlg and set parent environment
    loaded marqLevAlg and set parent environment
    loaded marqLevAlg and set parent environment
    loaded marqLevAlg and set parent environment
    loaded marqLevAlg and set parent environment
    loaded marqLevAlg and set parent environment
    loaded marqLevAlg and set parent environment
    loaded marqLevAlg and set parent environment
    loaded marqLevAlg and set parent environment
    loaded marqLevAlg and set parent environment
    loaded marqLevAlg and set parent environment
    loaded marqLevAlg and set parent environment
    loaded marqLevAlg and set parent environment
    loaded marqLevAlg and set parent environment
    loaded marqLevAlg and set parent environment
    loaded marqLevAlg and set parent environment
    loaded marqLevAlg and set parent environment
    loaded marqLevAlg and set parent environment
    loaded marqLevAlg and set parent environment
    loaded marqLevAlg and set parent environment
    loaded marqLevAlg and set parent environment
    ! LaTeX Error: File `orcidlink.sty' not found.
    
    ! Emergency stop.
    <read *>
    
    Error: processing vignette 'mla.Rmd' failed with diagnostics:
    LaTeX failed to compile /Volumes/Builds/packages/high-sierra-x86_64/results/4.2/marqLevAlg.Rcheck/vign_test/marqLevAlg/vignettes/mla.tex. See https://yihui.org/tinytex/r/#debugging for debugging tips. See mla.log for more info.
    --- failed re-building ‘mla.Rmd’
    
    SUMMARY: processing the following file failed:
     ‘mla.Rmd’
    
    Error: Vignette re-building failed.
    Execution halted
Flavor: r-release-macos-x86_64

Version: 2.0.6
Check: re-building of vignette outputs
Result: WARN
    Error(s) in re-building vignettes:
    --- re-building ‘mla.Rmd’ using rmarkdown
    starting worker pid=61544 on localhost:11516 at 09:00:23.345
    starting worker pid=61545 on localhost:11516 at 09:00:23.342
    Loading required package: marqLevAlg
    loaded marqLevAlg and set parent environment
    Loading required package: marqLevAlg
    loaded marqLevAlg and set parent environment
    loaded marqLevAlg and set parent environment
    loaded marqLevAlg and set parent environment
    loaded marqLevAlg and set parent environment
    loaded marqLevAlg and set parent environment
    loaded marqLevAlg and set parent environment
    loaded marqLevAlg and set parent environment
    loaded marqLevAlg and set parent environment
    loaded marqLevAlg and set parent environment
    loaded marqLevAlg and set parent environment
    loaded marqLevAlg and set parent environment
    loaded marqLevAlg and set parent environment
    loaded marqLevAlg and set parent environment
    loaded marqLevAlg and set parent environment
    loaded marqLevAlg and set parent environment
    loaded marqLevAlg and set parent environment
    loaded marqLevAlg and set parent environment
    loaded marqLevAlg and set parent environment
    loaded marqLevAlg and set parent environment
    loaded marqLevAlg and set parent environment
    loaded marqLevAlg and set parent environment
    loaded marqLevAlg and set parent environment
    loaded marqLevAlg and set parent environment
    loaded marqLevAlg and set parent environment
    loaded marqLevAlg and set parent environment
    loaded marqLevAlg and set parent environment
    loaded marqLevAlg and set parent environment
    loaded marqLevAlg and set parent environment
    loaded marqLevAlg and set parent environment
    loaded marqLevAlg and set parent environment
    loaded marqLevAlg and set parent environment
    loaded marqLevAlg and set parent environment
    loaded marqLevAlg and set parent environment
    loaded marqLevAlg and set parent environment
    loaded marqLevAlg and set parent environment
    loaded marqLevAlg and set parent environment
    loaded marqLevAlg and set parent environment
    loaded marqLevAlg and set parent environment
    loaded marqLevAlg and set parent environment
    loaded marqLevAlg and set parent environment
    loaded marqLevAlg and set parent environment
    loaded marqLevAlg and set parent environment
    loaded marqLevAlg and set parent environment
    loaded marqLevAlg and set parent environment
    loaded marqLevAlg and set parent environment
    loaded marqLevAlg and set parent environment
    loaded marqLevAlg and set parent environment
    loaded marqLevAlg and set parent environment
    loaded marqLevAlg and set parent environment
    loaded marqLevAlg and set parent environment
    loaded marqLevAlg and set parent environment
    loaded marqLevAlg and set parent environment
    loaded marqLevAlg and set parent environment
    loaded marqLevAlg and set parent environment
    loaded marqLevAlg and set parent environment
    loaded marqLevAlg and set parent environment
    loaded marqLevAlg and set parent environment
    loaded marqLevAlg and set parent environment
    loaded marqLevAlg and set parent environment
    loaded marqLevAlg and set parent environment
    loaded marqLevAlg and set parent environment
    loaded marqLevAlg and set parent environment
    loaded marqLevAlg and set parent environment
    loaded marqLevAlg and set parent environment
    loaded marqLevAlg and set parent environment
    loaded marqLevAlg and set parent environment
    loaded marqLevAlg and set parent environment
    loaded marqLevAlg and set parent environment
    loaded marqLevAlg and set parent environment
    loaded marqLevAlg and set parent environment
    loaded marqLevAlg and set parent environment
    loaded marqLevAlg and set parent environment
    loaded marqLevAlg and set parent environment
    loaded marqLevAlg and set parent environment
    loaded marqLevAlg and set parent environment
    ! LaTeX Error: File `orcidlink.sty' not found.
    
    ! Emergency stop.
    <read *>
    
    Error: processing vignette 'mla.Rmd' failed with diagnostics:
    LaTeX failed to compile /Volumes/Builds/packages/big-sur-arm64/results/4.1/marqLevAlg.Rcheck/vign_test/marqLevAlg/vignettes/mla.tex. See https://yihui.org/tinytex/r/#debugging for debugging tips. See mla.log for more info.
    --- failed re-building ‘mla.Rmd’
    
    SUMMARY: processing the following file failed:
     ‘mla.Rmd’
    
    Error: Vignette re-building failed.
    Execution halted
Flavor: r-oldrel-macos-arm64