Last updated on 2024-04-18 12:52:50 CEST.
Flavor | Version | Tinstall | Tcheck | Ttotal | Status | Flags |
---|---|---|---|---|---|---|
r-devel-linux-x86_64-debian-clang | 0.0.2 | 5.56 | 49.12 | 54.68 | NOTE | |
r-devel-linux-x86_64-debian-gcc | 0.0.2 | 4.10 | 38.27 | 42.37 | NOTE | |
r-devel-linux-x86_64-fedora-clang | 0.0.2 | 71.06 | NOTE | |||
r-devel-linux-x86_64-fedora-gcc | 0.0.2 | 78.54 | NOTE | |||
r-prerel-macos-arm64 | 0.0.2 | 29.00 | NOTE | |||
r-prerel-windows-x86_64 | 0.0.2 | 6.00 | 56.00 | 62.00 | NOTE | |
r-patched-linux-x86_64 | 0.0.2 | 5.75 | 47.53 | 53.28 | NOTE | |
r-release-linux-x86_64 | 0.0.2 | 3.08 | 46.35 | 49.43 | NOTE | |
r-release-macos-arm64 | 0.0.2 | 29.00 | NOTE | |||
r-release-macos-x86_64 | 0.0.2 | 38.00 | NOTE | |||
r-release-windows-x86_64 | 0.0.2 | 7.00 | 60.00 | 67.00 | NOTE | |
r-oldrel-macos-arm64 | 0.0.2 | 24.00 | NOTE | |||
r-oldrel-windows-x86_64 | 0.0.2 | 8.00 | 67.00 | 75.00 | NOTE |
Version: 0.0.2
Check: LazyData
Result: NOTE
'LazyData' is specified without a 'data' directory
Flavors: r-devel-linux-x86_64-debian-clang, r-devel-linux-x86_64-debian-gcc, r-devel-linux-x86_64-fedora-clang, r-devel-linux-x86_64-fedora-gcc, r-prerel-macos-arm64, r-prerel-windows-x86_64, r-patched-linux-x86_64, r-release-linux-x86_64, r-release-macos-arm64, r-release-macos-x86_64, r-release-windows-x86_64, r-oldrel-macos-arm64, r-oldrel-windows-x86_64