CRAN Package Check Results for Package marketr

Last updated on 2022-07-06 12:53:39 CEST.

Flavor Version Tinstall Tcheck Ttotal Status Flags
r-devel-linux-x86_64-debian-clang 0.0.2 4.94 57.23 62.17 NOTE
r-devel-linux-x86_64-debian-gcc 0.0.2 3.98 42.62 46.60 NOTE
r-devel-linux-x86_64-fedora-clang 0.0.2 81.97 NOTE
r-devel-linux-x86_64-fedora-gcc 0.0.2 81.63 NOTE
r-devel-windows-x86_64 0.0.2 9.00 82.00 91.00 NOTE
r-patched-linux-x86_64 0.0.2 4.26 52.78 57.04 NOTE
r-release-linux-x86_64 0.0.2 4.77 54.35 59.12 NOTE
r-release-macos-arm64 0.0.2 24.00 NOTE
r-release-macos-x86_64 0.0.2 42.00 NOTE
r-release-windows-x86_64 0.0.2 16.00 85.00 101.00 NOTE
r-oldrel-macos-arm64 0.0.2 29.00 NOTE
r-oldrel-macos-x86_64 0.0.2 42.00 NOTE
r-oldrel-windows-ix86+x86_64 0.0.2 14.00 71.00 85.00 NOTE

Check Details

Version: 0.0.2
Check: LazyData
Result: NOTE
     'LazyData' is specified without a 'data' directory
Flavors: r-devel-linux-x86_64-debian-clang, r-devel-linux-x86_64-debian-gcc, r-devel-linux-x86_64-fedora-clang, r-devel-linux-x86_64-fedora-gcc, r-devel-windows-x86_64, r-patched-linux-x86_64, r-release-linux-x86_64, r-release-macos-arm64, r-release-macos-x86_64, r-release-windows-x86_64, r-oldrel-macos-arm64, r-oldrel-macos-x86_64, r-oldrel-windows-ix86+x86_64