Last updated on 2022-07-05 11:49:57 CEST.
Flavor | Version | Tinstall | Tcheck | Ttotal | Status | Flags |
---|---|---|---|---|---|---|
r-devel-linux-x86_64-debian-clang | 0.1.1 | 63.99 | 106.19 | 170.18 | OK | |
r-devel-linux-x86_64-debian-gcc | 0.1.1 | 45.86 | 74.61 | 120.47 | OK | |
r-devel-linux-x86_64-fedora-clang | 0.1.1 | 229.40 | NOTE | |||
r-devel-linux-x86_64-fedora-gcc | 0.1.1 | 204.24 | OK | |||
r-devel-windows-x86_64 | 0.1.1 | 63.00 | 152.00 | 215.00 | NOTE | |
r-patched-linux-x86_64 | 0.1.1 | 60.97 | 93.67 | 154.64 | OK | |
r-release-linux-x86_64 | 0.1.1 | 54.15 | 96.52 | 150.67 | OK | |
r-release-macos-arm64 | 0.1.1 | 64.00 | NOTE | |||
r-release-macos-x86_64 | 0.1.1 | 87.00 | NOTE | |||
r-release-windows-x86_64 | 0.1.1 | 158.00 | 154.00 | 312.00 | NOTE | |
r-oldrel-macos-arm64 | 0.1.1 | 77.00 | NOTE | |||
r-oldrel-macos-x86_64 | 0.1.1 | 98.00 | NOTE | |||
r-oldrel-windows-ix86+x86_64 | 0.1.1 | 142.00 | 161.00 | 303.00 | NOTE |
Version: 0.1.1
Check: installed package size
Result: NOTE
installed size is 13.6Mb
sub-directories of 1Mb or more:
examples 2.7Mb
libs 9.6Mb
Flavors: r-devel-linux-x86_64-fedora-clang, r-devel-windows-x86_64, r-release-macos-arm64, r-release-macos-x86_64, r-release-windows-x86_64, r-oldrel-macos-arm64, r-oldrel-macos-x86_64, r-oldrel-windows-ix86+x86_64