CRAN Package Check Results for Package markerpen

Last updated on 2024-02-22 12:48:31 CET.

Flavor Version Tinstall Tcheck Ttotal Status Flags
r-devel-linux-x86_64-debian-clang 0.1.1 NOTE
r-devel-linux-x86_64-debian-gcc 0.1.1 51.49 73.77 125.26 NOTE
r-devel-linux-x86_64-fedora-clang 0.1.1 204.51 NOTE
r-devel-linux-x86_64-fedora-gcc 0.1.1 219.73 NOTE
r-devel-windows-x86_64 0.1.1 52.00 111.00 163.00 NOTE
r-patched-linux-x86_64 0.1.1 64.61 94.65 159.26 NOTE
r-release-linux-x86_64 0.1.1 57.06 93.95 151.01 NOTE
r-release-macos-arm64 0.1.1 72.00 NOTE
r-release-macos-x86_64 0.1.1 123.00 NOTE
r-release-windows-x86_64 0.1.1 62.00 130.00 192.00 NOTE
r-oldrel-macos-arm64 0.1.1 62.00 NOTE
r-oldrel-windows-x86_64 0.1.1 60.00 128.00 188.00 NOTE

Check Details

Version: 0.1.1
Check: C++ specification
Result: NOTE Specified C++11: please drop specification unless essential Flavors: r-devel-linux-x86_64-debian-clang, r-devel-linux-x86_64-debian-gcc, r-devel-linux-x86_64-fedora-clang, r-devel-linux-x86_64-fedora-gcc, r-devel-windows-x86_64, r-patched-linux-x86_64, r-release-linux-x86_64, r-release-macos-arm64, r-release-macos-x86_64, r-release-windows-x86_64

Version: 0.1.1
Check: installed package size
Result: NOTE installed size is 5.3Mb sub-directories of 1Mb or more: examples 2.7Mb libs 1.3Mb Flavors: r-devel-windows-x86_64, r-release-macos-arm64, r-release-macos-x86_64, r-release-windows-x86_64, r-oldrel-macos-arm64, r-oldrel-windows-x86_64