Last updated on 2024-08-31 11:49:32 CEST.
Flavor | Version | Tinstall | Tcheck | Ttotal | Status | Flags |
---|---|---|---|---|---|---|
r-devel-linux-x86_64-debian-clang | 0.1.4 | 44.66 | 127.29 | 171.95 | OK | |
r-devel-linux-x86_64-debian-gcc | 0.1.4 | 34.10 | 85.39 | 119.49 | OK | |
r-devel-linux-x86_64-fedora-clang | 0.1.4 | 266.24 | NOTE | |||
r-devel-linux-x86_64-fedora-gcc | 0.1.4 | 250.30 | NOTE | |||
r-devel-windows-x86_64 | 0.1.4 | 44.00 | 118.00 | 162.00 | OK | |
r-patched-linux-x86_64 | 0.1.4 | 41.45 | 119.93 | 161.38 | OK | |
r-release-linux-x86_64 | 0.1.4 | 44.13 | 117.51 | 161.64 | OK | |
r-release-macos-arm64 | 0.1.4 | 81.00 | OK | |||
r-release-macos-x86_64 | 0.1.4 | 108.00 | OK | |||
r-release-windows-x86_64 | 0.1.4 | 48.00 | 161.00 | 209.00 | OK | |
r-oldrel-macos-arm64 | 0.1.4 | 86.00 | OK | |||
r-oldrel-macos-x86_64 | 0.1.4 | 112.00 | OK | |||
r-oldrel-windows-x86_64 | 0.1.4 | 58.00 | 153.00 | 211.00 | OK |
Version: 0.1.4
Check: data for non-ASCII characters
Result: NOTE
Note: found 5210 marked UTF-8 strings
Flavors: r-devel-linux-x86_64-fedora-clang, r-devel-linux-x86_64-fedora-gcc